CRAN Package Check Results for Package PopGenome

Last updated on 2020-05-27 07:51:04 CEST.

Flavor Version Tinstall Tcheck Ttotal Status Flags
r-devel-linux-x86_64-debian-clang 2.7.5 65.43 144.55 209.98 NOTE
r-devel-linux-x86_64-debian-gcc 2.7.5 53.05 109.93 162.98 NOTE
r-devel-linux-x86_64-fedora-clang 2.7.5 276.62 NOTE
r-devel-linux-x86_64-fedora-gcc 2.7.5 254.13 NOTE
r-devel-windows-ix86+x86_64 2.7.5 234.00 221.00 455.00 NOTE
r-patched-linux-x86_64 2.7.5 59.72 145.41 205.13 NOTE
r-patched-solaris-x86 2.7.5 302.10 NOTE
r-release-linux-x86_64 2.7.5 57.99 147.36 205.35 NOTE
r-release-osx-x86_64 2.7.5 NOTE
r-release-windows-ix86+x86_64 2.7.5 197.00 227.00 424.00 NOTE
r-oldrel-osx-x86_64 2.7.5 OK
r-oldrel-windows-ix86+x86_64 2.7.5 247.00 160.00 407.00 OK

Additional issues

rchk

Check Details

Version: 2.7.5
Check: package dependencies
Result: NOTE
    Package suggested but not available for checking: 'WhopGenome'
Flavors: r-devel-linux-x86_64-debian-clang, r-devel-linux-x86_64-debian-gcc, r-devel-linux-x86_64-fedora-clang, r-devel-linux-x86_64-fedora-gcc, r-patched-linux-x86_64, r-patched-solaris-x86, r-release-linux-x86_64, r-release-osx-x86_64

Version: 2.7.5
Check: installed package size
Result: NOTE
     installed size is 5.3Mb
     sub-directories of 1Mb or more:
     R 1.6Mb
     doc 1.1Mb
     libs 2.3Mb
Flavors: r-devel-windows-ix86+x86_64, r-release-windows-ix86+x86_64