CRAN Package Check Results for Package PopGenReport

Last updated on 2022-07-02 12:53:10 CEST.

Flavor Version Tinstall Tcheck Ttotal Status Flags
r-devel-linux-x86_64-debian-clang 3.0.7 52.28 430.82 483.10 OK
r-devel-linux-x86_64-debian-gcc 3.0.7 36.04 313.97 350.01 OK
r-devel-linux-x86_64-fedora-clang 3.0.7 595.77 WARN
r-devel-linux-x86_64-fedora-gcc 3.0.7 611.42 WARN
r-devel-windows-x86_64 3.0.7 77.00 428.00 505.00 OK
r-patched-linux-x86_64 3.0.7 47.82 408.20 456.02 OK
r-release-linux-x86_64 3.0.7 42.69 398.07 440.76 OK
r-release-macos-arm64 3.0.7 134.00 OK
r-release-macos-x86_64 3.0.7 182.00 OK
r-release-windows-x86_64 3.0.7 96.00 436.00 532.00 OK
r-oldrel-macos-arm64 3.0.7 113.00 OK
r-oldrel-macos-x86_64 3.0.7 174.00 OK
r-oldrel-windows-ix86+x86_64 3.0.7 98.00 411.00 509.00 OK

Check Details

Version: 3.0.7
Check: package dependencies
Result: WARN
    Requires (indirectly) orphaned package: ‘gtools’
Flavors: r-devel-linux-x86_64-fedora-clang, r-devel-linux-x86_64-fedora-gcc