CRAN Package Check Results for Package PenCoxFrail

Last updated on 2022-08-16 12:53:08 CEST.

Flavor Version Tinstall Tcheck Ttotal Status Flags
r-devel-linux-x86_64-debian-clang 1.0.1 30.08 74.24 104.32 OK
r-devel-linux-x86_64-debian-gcc 1.0.1 29.81 57.78 87.59 OK
r-devel-linux-x86_64-fedora-clang 1.0.1 154.52 NOTE
r-devel-linux-x86_64-fedora-gcc 1.0.1 157.07 NOTE
r-devel-windows-x86_64 1.0.1 41.00 117.00 158.00 OK
r-patched-linux-x86_64 1.0.1 35.01 71.11 106.12 OK
r-release-linux-x86_64 1.0.1 31.89 72.54 104.43 OK
r-release-macos-arm64 1.0.1 42.00 OK
r-release-macos-x86_64 1.0.1 55.00 OK
r-release-windows-x86_64 1.0.1 39.00 119.00 158.00 OK
r-oldrel-macos-arm64 1.0.1 44.00 OK
r-oldrel-macos-x86_64 1.0.1 70.00 OK
r-oldrel-windows-ix86+x86_64 1.0.1 89.00 128.00 217.00 OK

Check Details

Version: 1.0.1
Check: compiled code
Result: NOTE
    File ‘PenCoxFrail/libs/PenCoxFrail.so’:
     Found no calls to: ‘R_registerRoutines’, ‘R_useDynamicSymbols’
    
    It is good practice to register native routines and to disable symbol
    search.
    
    See ‘Writing portable packages’ in the ‘Writing R Extensions’ manual.
Flavors: r-devel-linux-x86_64-fedora-clang, r-devel-linux-x86_64-fedora-gcc