CRAN Package Check Results for Package Patterns

Last updated on 2024-04-23 12:49:36 CEST.

Flavor Version Tinstall Tcheck Ttotal Status Flags
r-devel-linux-x86_64-debian-clang 1.4 0.58 2.37 2.95 ERROR
r-devel-linux-x86_64-debian-gcc 1.4 44.19 338.41 382.60 OK
r-devel-linux-x86_64-fedora-clang 1.4 661.07 OK
r-devel-linux-x86_64-fedora-gcc 1.4 679.66 OK
r-prerel-macos-arm64 1.4 305.00 OK
r-prerel-macos-x86_64 1.4 326.00 OK
r-prerel-windows-x86_64 1.4 34.00 276.00 310.00 OK
r-patched-linux-x86_64 1.4 39.89 440.25 480.14 OK
r-release-linux-x86_64 1.4 30.80 408.51 439.31 OK
r-release-macos-arm64 1.4 166.00 OK
r-release-macos-x86_64 1.4 277.00 OK
r-release-windows-x86_64 1.4 43.00 352.00 395.00 OK
r-oldrel-macos-arm64 1.4 12.00 ERROR
r-oldrel-windows-x86_64 1.4 48.00 339.00 387.00 OK

Additional issues

noSuggests

Check Details

Version: 1.4
Check: package dependencies
Result: ERROR Packages required but not available: 'jetset', 'WGCNA' Package suggested but not available for checking: ‘biomaRt’ See section ‘The DESCRIPTION file’ in the ‘Writing R Extensions’ manual. Flavor: r-devel-linux-x86_64-debian-clang

Version: 1.4
Check: package dependencies
Result: ERROR Package required but not available: ‘Mfuzz’ See section ‘The DESCRIPTION file’ in the ‘Writing R Extensions’ manual. Flavor: r-oldrel-macos-arm64