CRAN Package Check Results for Package ParBayesianOptimization

Last updated on 2022-10-04 00:51:42 CEST.

Flavor Version Tinstall Tcheck Ttotal Status Flags
r-devel-linux-x86_64-debian-clang 1.2.4 9.02 163.35 172.37 NOTE
r-devel-linux-x86_64-debian-gcc 1.2.4 7.24 153.47 160.71 NOTE
r-devel-linux-x86_64-fedora-clang 1.2.4 216.91 NOTE
r-devel-linux-x86_64-fedora-gcc 1.2.4 205.14 NOTE
r-devel-windows-x86_64 1.2.4 80.00 189.00 269.00 NOTE
r-patched-linux-x86_64 1.2.4 8.41 154.50 162.91 NOTE
r-release-linux-x86_64 1.2.4 9.09 157.84 166.93 NOTE
r-release-macos-arm64 1.2.4 58.00 NOTE
r-release-macos-x86_64 1.2.4 97.00 NOTE
r-release-windows-x86_64 1.2.4 146.00 188.00 334.00 NOTE
r-oldrel-macos-arm64 1.2.4 77.00 NOTE
r-oldrel-macos-x86_64 1.2.4 119.00 NOTE
r-oldrel-windows-ix86+x86_64 1.2.4 22.00 188.00 210.00 NOTE

Check Details

Version: 1.2.4
Check: LazyData
Result: NOTE
     'LazyData' is specified without a 'data' directory
Flavors: r-devel-linux-x86_64-debian-clang, r-devel-linux-x86_64-debian-gcc, r-devel-linux-x86_64-fedora-clang, r-devel-linux-x86_64-fedora-gcc, r-devel-windows-x86_64, r-patched-linux-x86_64, r-release-linux-x86_64, r-release-macos-arm64, r-release-macos-x86_64, r-release-windows-x86_64, r-oldrel-macos-arm64, r-oldrel-macos-x86_64, r-oldrel-windows-ix86+x86_64