CRAN Package Check Results for Package PanelMatch

Last updated on 2022-08-14 06:51:52 CEST.

Flavor Version Tinstall Tcheck Ttotal Status Flags
r-devel-linux-x86_64-debian-clang 2.0.1 64.44 639.87 704.31 OK
r-devel-linux-x86_64-debian-gcc 2.0.1 53.07 451.89 504.96 OK
r-devel-linux-x86_64-fedora-clang 2.0.1 816.42 NOTE
r-devel-linux-x86_64-fedora-gcc 2.0.1 797.52 NOTE
r-devel-windows-x86_64 2.0.1 83.00 614.00 697.00 OK
r-patched-linux-x86_64 2.0.1 59.15 579.94 639.09 OK
r-release-linux-x86_64 2.0.1 51.82 575.57 627.39 OK
r-release-macos-arm64 2.0.1 206.00 NOTE
r-release-macos-x86_64 2.0.1 261.00 NOTE
r-release-windows-x86_64 2.0.1 81.00 615.00 696.00 OK
r-oldrel-macos-arm64 2.0.1 191.00 NOTE
r-oldrel-macos-x86_64 2.0.1 266.00 NOTE
r-oldrel-windows-ix86+x86_64 2.0.1 155.00 1070.00 1225.00 OK

Check Details

Version: 2.0.1
Check: dependencies in R code
Result: NOTE
    Namespace in Imports field not imported from: ‘grDevices’
     All declared Imports should be used.
Flavors: r-devel-linux-x86_64-fedora-clang, r-devel-linux-x86_64-fedora-gcc, r-release-macos-arm64, r-release-macos-x86_64, r-oldrel-macos-arm64, r-oldrel-macos-x86_64