CRAN Package Check Results for Package PanelMatch

Last updated on 2023-02-09 06:55:38 CET.

Flavor Version Tinstall Tcheck Ttotal Status Flags
r-devel-linux-x86_64-debian-clang 2.0.1 64.01 658.25 722.26 NOTE
r-devel-linux-x86_64-debian-gcc 2.0.1 53.00 446.90 499.90 NOTE
r-devel-linux-x86_64-fedora-clang 2.0.1 846.43 NOTE
r-devel-linux-x86_64-fedora-gcc 2.0.1 873.88 NOTE
r-devel-windows-x86_64 2.0.1 221.00 659.00 880.00 NOTE
r-patched-linux-x86_64 2.0.1 58.31 558.78 617.09 OK
r-release-linux-x86_64 2.0.1 58.34 585.12 643.46 OK
r-release-macos-arm64 2.0.1 206.00 NOTE
r-release-macos-x86_64 2.0.1 261.00 NOTE
r-release-windows-x86_64 2.0.1 82.00 660.00 742.00 OK
r-oldrel-macos-arm64 2.0.1 191.00 NOTE
r-oldrel-macos-x86_64 2.0.1 266.00 NOTE
r-oldrel-windows-ix86+x86_64 2.0.1 153.00 1058.00 1211.00 OK

Check Details

Version: 2.0.1
Check: C++ specification
Result: NOTE
     Specified C++11: please update to current default of C++17
Flavor: r-devel-linux-x86_64-debian-clang

Version: 2.0.1
Check: C++ specification
Result: NOTE
     Specified C++11: please drop specification unless essential
Flavors: r-devel-linux-x86_64-debian-gcc, r-devel-linux-x86_64-fedora-clang, r-devel-linux-x86_64-fedora-gcc, r-devel-windows-x86_64

Version: 2.0.1
Check: dependencies in R code
Result: NOTE
    Namespace in Imports field not imported from: ‘grDevices’
     All declared Imports should be used.
Flavors: r-devel-linux-x86_64-fedora-clang, r-devel-linux-x86_64-fedora-gcc, r-release-macos-arm64, r-release-macos-x86_64, r-oldrel-macos-arm64, r-oldrel-macos-x86_64