CRAN Package Check Results for Package PairViz

Last updated on 2020-09-22 14:05:05 CEST.

Flavor Version Tinstall Tcheck Ttotal Status Flags
r-devel-linux-x86_64-debian-clang 1.3.3 6.55 66.09 72.64 WARN
r-devel-linux-x86_64-debian-gcc 1.3.3 6.15 51.39 57.54 WARN
r-devel-linux-x86_64-fedora-clang 1.3.3 105.18 WARN
r-devel-linux-x86_64-fedora-gcc 1.3.3 90.84 WARN
r-devel-windows-ix86+x86_64 1.3.3 18.00 83.00 101.00 OK
r-patched-linux-x86_64 1.3.3 7.97 65.72 73.69 WARN
r-patched-solaris-x86 1.3.3 126.60 WARN
r-release-linux-x86_64 1.3.3 7.81 66.27 74.08 WARN
r-release-macos-x86_64 1.3.3 OK
r-release-windows-ix86+x86_64 1.3.3 15.00 101.00 116.00 OK
r-oldrel-macos-x86_64 1.3.3 OK
r-oldrel-windows-ix86+x86_64 1.3.3 8.00 80.00 88.00 OK

Check Details

Version: 1.3.3
Check: package dependencies
Result: NOTE
    Package suggested but not available for checking: 'alr3'
Flavors: r-devel-linux-x86_64-debian-clang, r-devel-linux-x86_64-debian-gcc, r-devel-linux-x86_64-fedora-clang, r-devel-linux-x86_64-fedora-gcc, r-patched-linux-x86_64, r-patched-solaris-x86, r-release-linux-x86_64

Version: 1.3.3
Check: re-building of vignette outputs
Result: WARN
    Error(s) in re-building vignettes:
     ...
    --- re-building 'MultipleComparisons.Rmd' using rmarkdown
    --- finished re-building 'MultipleComparisons.Rmd'
    
    --- re-building 'PairVizIntroduction.Rmd' using rmarkdown
    --- finished re-building 'PairVizIntroduction.Rmd'
    
    --- re-building 'pcp.Rmd' using rmarkdown
    Quitting from lines 131-144 (pcp.Rmd)
    Error: processing vignette 'pcp.Rmd' failed with diagnostics:
    there is no package called 'alr3'
    --- failed re-building 'pcp.Rmd'
    
    SUMMARY: processing the following file failed:
     'pcp.Rmd'
    
    Error: Vignette re-building failed.
    Execution halted
Flavors: r-devel-linux-x86_64-debian-clang, r-devel-linux-x86_64-debian-gcc, r-patched-linux-x86_64, r-release-linux-x86_64

Version: 1.3.3
Check: re-building of vignette outputs
Result: WARN
    Error(s) in re-building vignettes:
    --- re-building ‘MultipleComparisons.Rmd’ using rmarkdown
    --- finished re-building ‘MultipleComparisons.Rmd’
    
    --- re-building ‘PairVizIntroduction.Rmd’ using rmarkdown
    --- finished re-building ‘PairVizIntroduction.Rmd’
    
    --- re-building ‘pcp.Rmd’ using rmarkdown
    Quitting from lines 131-144 (pcp.Rmd)
    Error: processing vignette 'pcp.Rmd' failed with diagnostics:
    there is no package called 'alr3'
    --- failed re-building ‘pcp.Rmd’
    
    SUMMARY: processing the following file failed:
     ‘pcp.Rmd’
    
    Error: Vignette re-building failed.
    Execution halted
Flavors: r-devel-linux-x86_64-fedora-clang, r-devel-linux-x86_64-fedora-gcc

Version: 1.3.3
Check: re-building of vignette outputs
Result: WARN
    Error(s) in re-building vignettes:
     ...
    --- re-building ‘MultipleComparisons.Rmd’ using rmarkdown
    Warning in engine$weave(file, quiet = quiet, encoding = enc) :
     Pandoc (>= 1.12.3) and/or pandoc-citeproc not available. Falling back to R Markdown v1.
    --- finished re-building ‘MultipleComparisons.Rmd’
    
    --- re-building ‘PairVizIntroduction.Rmd’ using rmarkdown
    Warning in engine$weave(file, quiet = quiet, encoding = enc) :
     Pandoc (>= 1.12.3) and/or pandoc-citeproc not available. Falling back to R Markdown v1.
    --- finished re-building ‘PairVizIntroduction.Rmd’
    
    --- re-building ‘pcp.Rmd’ using rmarkdown
    Warning in engine$weave(file, quiet = quiet, encoding = enc) :
     Pandoc (>= 1.12.3) and/or pandoc-citeproc not available. Falling back to R Markdown v1.
    Quitting from lines 131-144 (pcp.Rmd)
    Error: processing vignette 'pcp.Rmd' failed with diagnostics:
    there is no package called 'alr3'
    --- failed re-building ‘pcp.Rmd’
    
    SUMMARY: processing the following file failed:
     ‘pcp.Rmd’
    
    Error: Vignette re-building failed.
    Execution halted
Flavor: r-patched-solaris-x86