CRAN Package Check Results for Package PResiduals

Last updated on 2023-12-11 06:48:31 CET.

Flavor Version Tinstall Tcheck Ttotal Status Flags
r-devel-linux-x86_64-debian-clang 1.0-1 15.90 134.92 150.82 NOTE
r-devel-linux-x86_64-debian-gcc 1.0-1 14.54 102.30 116.84 NOTE
r-devel-linux-x86_64-fedora-clang 1.0-1 188.91 NOTE
r-devel-linux-x86_64-fedora-gcc 1.0-1 181.04 NOTE
r-devel-windows-x86_64 1.0-1 16.00 110.00 126.00 NOTE
r-patched-linux-x86_64 1.0-1 23.95 131.24 155.19 NOTE
r-release-linux-x86_64 1.0-1 12.19 132.87 145.06 NOTE
r-release-macos-arm64 1.0-1 59.00 NOTE
r-release-macos-x86_64 1.0-1 89.00 NOTE
r-release-windows-x86_64 1.0-1 22.00 135.00 157.00 NOTE
r-oldrel-macos-arm64 1.0-1 58.00 OK
r-oldrel-macos-x86_64 1.0-1 88.00 OK
r-oldrel-windows-x86_64 1.0-1 21.00 133.00 154.00 OK

Check Details

Version: 1.0-1
Check: package subdirectories
Result: NOTE Problems with news in ‘NEWS.md’: No news entries found. Flavors: r-devel-linux-x86_64-debian-clang, r-devel-linux-x86_64-debian-gcc, r-devel-linux-x86_64-fedora-clang, r-devel-linux-x86_64-fedora-gcc, r-devel-windows-x86_64, r-patched-linux-x86_64, r-release-linux-x86_64, r-release-macos-arm64, r-release-macos-x86_64, r-release-windows-x86_64