Last updated on 2022-08-10 21:53:50 CEST.
Flavor | Version | Tinstall | Tcheck | Ttotal | Status | Flags |
---|---|---|---|---|---|---|
r-devel-linux-x86_64-debian-clang | 3.2.7 | 114.77 | 343.32 | 458.09 | NOTE | |
r-devel-linux-x86_64-debian-gcc | 3.2.7 | 52.23 | 2.31 | 54.54 | ERROR | |
r-devel-linux-x86_64-fedora-clang | 3.2.7 | 554.42 | NOTE | |||
r-devel-linux-x86_64-fedora-gcc | 3.2.7 | 594.39 | NOTE | |||
r-devel-windows-x86_64 | 3.2.7 | 107.00 | 364.00 | 471.00 | NOTE | |
r-patched-linux-x86_64 | 3.2.7 | 104.94 | 327.43 | 432.37 | OK | |
r-release-linux-x86_64 | 3.2.7 | OK | ||||
r-release-macos-arm64 | 3.2.7 | 130.00 | NOTE | |||
r-release-macos-x86_64 | 3.2.7 | 228.00 | NOTE | |||
r-release-windows-x86_64 | 3.2.7 | 95.00 | 350.00 | 445.00 | OK | |
r-oldrel-macos-arm64 | 3.2.7 | 141.00 | NOTE | |||
r-oldrel-macos-x86_64 | 3.2.7 | 125.00 | NOTE | |||
r-oldrel-windows-ix86+x86_64 | 3.2.7 | 240.00 | 483.00 | 723.00 | OK |
Version: 3.2.7
Check: Rd files
Result: NOTE
checkRd: (-1) PReMiuM-package.Rd:80: Escaped LaTeX specials: \&
checkRd: (-1) profRegr.Rd:156: Escaped LaTeX specials: \&
Flavors: r-devel-linux-x86_64-debian-clang, r-devel-linux-x86_64-fedora-clang, r-devel-linux-x86_64-fedora-gcc, r-devel-windows-x86_64
Version: 3.2.7
Check: whether package can be installed
Result: ERROR
Installation failed.
Flavor: r-devel-linux-x86_64-debian-gcc
Version: 3.2.7
Check: installed package size
Result: NOTE
installed size is 13.2Mb
sub-directories of 1Mb or more:
libs 12.8Mb
Flavors: r-devel-linux-x86_64-fedora-clang, r-release-macos-arm64, r-release-macos-x86_64, r-oldrel-macos-arm64, r-oldrel-macos-x86_64