CRAN Package Check Results for Package PRISMAstatement

Last updated on 2022-10-02 21:53:49 CEST.

Flavor Version Tinstall Tcheck Ttotal Status Flags
r-devel-linux-x86_64-debian-clang 1.1.1 3.10 32.91 36.01 NOTE
r-devel-linux-x86_64-debian-gcc 1.1.1 2.36 25.57 27.93 NOTE
r-devel-linux-x86_64-fedora-clang 1.1.1 58.00 NOTE
r-devel-linux-x86_64-fedora-gcc 1.1.1 62.98 NOTE
r-devel-windows-x86_64 1.1.1 24.00 74.00 98.00 NOTE
r-patched-linux-x86_64 1.1.1 2.18 32.25 34.43 NOTE
r-release-linux-x86_64 1.1.1 1.90 31.51 33.41 NOTE
r-release-macos-arm64 1.1.1 22.00 NOTE
r-release-macos-x86_64 1.1.1 34.00 NOTE
r-release-windows-x86_64 1.1.1 30.00 77.00 107.00 NOTE
r-oldrel-macos-arm64 1.1.1 252.00 NOTE
r-oldrel-macos-x86_64 1.1.1 32.00 NOTE
r-oldrel-windows-ix86+x86_64 1.1.1 8.00 70.00 78.00 NOTE

Check Details

Version: 1.1.1
Check: LazyData
Result: NOTE
     'LazyData' is specified without a 'data' directory
Flavors: r-devel-linux-x86_64-debian-clang, r-devel-linux-x86_64-debian-gcc, r-devel-linux-x86_64-fedora-clang, r-devel-linux-x86_64-fedora-gcc, r-devel-windows-x86_64, r-patched-linux-x86_64, r-release-linux-x86_64, r-release-macos-arm64, r-release-macos-x86_64, r-release-windows-x86_64, r-oldrel-macos-arm64, r-oldrel-macos-x86_64, r-oldrel-windows-ix86+x86_64

Version: 1.1.1
Check: installed package size
Result: NOTE
     installed size is 5.0Mb
     sub-directories of 1Mb or more:
     doc 4.8Mb
Flavor: r-devel-linux-x86_64-fedora-clang