CRAN Package Check Results for Package PRIMAL

Last updated on 2022-08-16 12:53:08 CEST.

Flavor Version Tinstall Tcheck Ttotal Status Flags
r-devel-linux-x86_64-debian-clang 1.0.2 52.29 71.05 123.34 OK
r-devel-linux-x86_64-debian-gcc 1.0.2 41.79 55.50 97.29 OK
r-devel-linux-x86_64-fedora-clang 1.0.2 161.02 NOTE
r-devel-linux-x86_64-fedora-gcc 1.0.2 169.89 NOTE
r-devel-windows-x86_64 1.0.2 39.00 122.00 161.00 OK
r-patched-linux-x86_64 1.0.2 45.21 69.29 114.50 OK
r-release-linux-x86_64 1.0.2 45.69 71.44 117.13 OK
r-release-macos-arm64 1.0.2 45.00 NOTE
r-release-macos-x86_64 1.0.2 60.00 NOTE
r-release-windows-x86_64 1.0.2 44.00 122.00 166.00 OK
r-oldrel-macos-arm64 1.0.2 52.00 NOTE
r-oldrel-macos-x86_64 1.0.2 85.00 NOTE
r-oldrel-windows-ix86+x86_64 1.0.2 107.00 138.00 245.00 OK

Check Details

Version: 1.0.2
Check: compiled code
Result: NOTE
    File ‘PRIMAL/libs/PRIMAL.so’:
     Found no calls to: ‘R_registerRoutines’, ‘R_useDynamicSymbols’
    
    It is good practice to register native routines and to disable symbol
    search.
    
    See ‘Writing portable packages’ in the ‘Writing R Extensions’ manual.
Flavors: r-devel-linux-x86_64-fedora-clang, r-devel-linux-x86_64-fedora-gcc

Version: 1.0.2
Check: installed package size
Result: NOTE
     installed size is 10.1Mb
     sub-directories of 1Mb or more:
     libs 9.6Mb
Flavors: r-release-macos-arm64, r-release-macos-x86_64, r-oldrel-macos-arm64, r-oldrel-macos-x86_64