CRAN Package Check Results for Package PRECAST

Last updated on 2022-10-05 21:53:42 CEST.

Flavor Version Tinstall Tcheck Ttotal Status Flags
r-devel-linux-x86_64-debian-clang 1.2 175.26 542.20 717.46 OK
r-devel-linux-x86_64-debian-gcc 1.2 149.32 403.46 552.78 OK
r-devel-linux-x86_64-fedora-clang 1.2 1001.54 OK
r-devel-linux-x86_64-fedora-gcc 1.2 901.33 OK
r-devel-windows-x86_64 1.2 259.00 551.00 810.00 OK
r-patched-linux-x86_64 1.2 150.11 506.91 657.02 OK
r-release-linux-x86_64 1.2 119.49 513.13 632.62 OK
r-release-macos-arm64 1.2 224.00 NOTE
r-release-macos-x86_64 1.2 296.00 NOTE
r-release-windows-x86_64 1.2 140.00 536.00 676.00 OK
r-oldrel-macos-arm64 1.2 215.00 NOTE
r-oldrel-macos-x86_64 1.2 282.00 NOTE
r-oldrel-windows-ix86+x86_64 1.2 409.00 684.00 1093.00 NOTE

Check Details

Version: 1.2
Check: installed package size
Result: NOTE
     installed size is 11.4Mb
     sub-directories of 1Mb or more:
     data 2.2Mb
     libs 8.8Mb
Flavors: r-release-macos-arm64, r-release-macos-x86_64, r-oldrel-macos-arm64, r-oldrel-macos-x86_64, r-oldrel-windows-ix86+x86_64