CRAN Package Check Results for Package PPtreeregViz

Last updated on 2023-05-30 06:57:38 CEST.

Flavor Version Tinstall Tcheck Ttotal Status Flags
r-devel-linux-x86_64-debian-clang 2.0.5 56.17 203.07 259.24 NOTE
r-devel-linux-x86_64-debian-gcc 2.0.5 46.71 148.31 195.02 NOTE
r-devel-linux-x86_64-fedora-clang 2.0.5 336.54 NOTE
r-devel-linux-x86_64-fedora-gcc 2.0.5 357.47 NOTE
r-devel-windows-x86_64 2.0.5 43.00 175.00 218.00 NOTE
r-patched-linux-x86_64 2.0.5 38.60 186.45 225.05 NOTE
r-release-linux-x86_64 2.0.5 39.67 184.84 224.51 NOTE
r-release-macos-arm64 2.0.5 93.00 NOTE
r-release-macos-x86_64 2.0.5 156.00 NOTE
r-release-windows-x86_64 2.0.5 59.00 217.00 276.00 NOTE
r-oldrel-macos-arm64 2.0.5 90.00 OK
r-oldrel-macos-x86_64 2.0.5 118.00 OK
r-oldrel-windows-x86_64 2.0.5 60.00 210.00 270.00 OK

Check Details

Version: 2.0.5
Check: C++ specification
Result: NOTE
     Specified C++11: please drop specification unless essential
Flavors: r-devel-linux-x86_64-debian-clang, r-devel-linux-x86_64-debian-gcc, r-devel-linux-x86_64-fedora-clang, r-devel-linux-x86_64-fedora-gcc, r-devel-windows-x86_64, r-patched-linux-x86_64, r-release-linux-x86_64, r-release-macos-arm64, r-release-macos-x86_64, r-release-windows-x86_64