CRAN Package Check Results for Package PMAPscore

Last updated on 2022-09-26 00:50:38 CEST.

Flavor Version Tinstall Tcheck Ttotal Status Flags
r-devel-linux-x86_64-debian-clang 0.1.1 40.54 400.78 441.32 OK
r-devel-linux-x86_64-debian-gcc 0.1.1 36.51 293.44 329.95 OK
r-devel-linux-x86_64-fedora-clang 0.1.1 567.00 NOTE
r-devel-linux-x86_64-fedora-gcc 0.1.1 516.38 NOTE
r-devel-windows-x86_64 0.1.1 68.00 400.00 468.00 OK
r-patched-linux-x86_64 0.1.1 38.02 364.04 402.06 OK
r-release-linux-x86_64 0.1.1 41.84 361.91 403.75 OK
r-release-macos-arm64 0.1.1 135.00 NOTE
r-release-macos-x86_64 0.1.1 239.00 NOTE
r-release-windows-x86_64 0.1.1 55.00 403.00 458.00 OK
r-oldrel-macos-arm64 0.1.1 96.00 NOTE
r-oldrel-macos-x86_64 0.1.1 186.00 NOTE
r-oldrel-windows-ix86+x86_64 0.1.1 78.00 386.00 464.00 OK

Check Details

Version: 0.1.1
Check: dependencies in R code
Result: NOTE
    Namespaces in Imports field not imported from:
     ‘base’ ‘grDevices’
     All declared Imports should be used.
Flavors: r-devel-linux-x86_64-fedora-clang, r-devel-linux-x86_64-fedora-gcc, r-release-macos-arm64, r-release-macos-x86_64, r-oldrel-macos-arm64, r-oldrel-macos-x86_64