CRAN Package Check Results for Package PLNmodels

Last updated on 2022-08-07 18:51:55 CEST.

Flavor Version Tinstall Tcheck Ttotal Status Flags
r-devel-linux-x86_64-debian-clang 0.11.6 174.02 317.25 491.27 NOTE
r-devel-linux-x86_64-debian-gcc 0.11.6 154.97 222.41 377.38 NOTE
r-devel-linux-x86_64-fedora-clang 0.11.6 642.47 NOTE
r-devel-linux-x86_64-fedora-gcc 0.11.6 658.78 OK
r-devel-windows-x86_64 0.11.6 185.00 368.00 553.00 OK
r-patched-linux-x86_64 0.11.6 165.40 290.04 455.44 OK
r-release-linux-x86_64 0.11.6 147.74 291.30 439.04 OK
r-release-macos-arm64 0.11.6 168.00 NOTE
r-release-macos-x86_64 0.11.6 270.00 NOTE
r-release-windows-x86_64 0.11.6 180.00 364.00 544.00 OK
r-oldrel-macos-arm64 0.11.6 125.00 NOTE
r-oldrel-macos-x86_64 0.11.6 220.00 NOTE
r-oldrel-windows-ix86+x86_64 0.11.6 418.00 562.00 980.00 NOTE

Check Details

Version: 0.11.6
Check: HTML version of manual
Result: NOTE
    Found the following HTML validation problems:
    PLNLDAfit.html:105:6: Warning: missing </span> before <p>
    PLNLDAfit.html:105:90: Warning: inserting implicit <span>
    PLNLDAfit.html:108:6: Warning: missing </span> before <p>
    PLNLDAfit.html:108:98: Warning: inserting implicit <span>
    PLNLDAfit.html:111:6: Warning: missing </span> before <p>
    PLNLDAfit.html:111:106: Warning: inserting implicit <span>
    PLNLDAfit.html:114:6: Warning: missing </span> before <p>
    PLNLDAfit.html:114:89: Warning: inserting implicit <span>
    PLNLDAfit.html:117:6: Warning: missing </span> before <p>
    PLNLDAfit.html:117:90: Warning: inserting implicit <span>
    PLNLDAfit.html:120:6: Warning: missing </span> before <p>
    PLNLDAfit.html:120:90: Warning: inserting implicit <span>
    PLNLDAfit.html:105:6: Warning: trimming empty <span>
    PLNLDAfit.html:108:6: Warning: trimming empty <span>
    PLNLDAfit.html:111:6: Warning: trimming empty <span>
    PLNLDAfit.html:114:6: Warning: trimming empty <span>
    PLNLDAfit.html:117:6: Warning: trimming empty <span>
    PLNLDAfit.html:120:6: Warning: trimming empty <span>
    PLNPCAfamily.html:84:6: Warning: missing </span> before <p>
    PLNPCAfamily.html:84:100: Warning: inserting implicit <span>
    PLNPCAfamily.html:87:6: Warning: missing </span> before <p>
    PLNPCAfamily.html:87:92: Warning: inserting implicit <span>
    PLNPCAfamily.html:84:6: Warning: trimming empty <span>
    PLNPCAfamily.html:87:6: Warning: trimming empty <span>
    PLNPCAfit.html:124:6: Warning: missing </span> before <p>
    PLNPCAfit.html:124:106: Warning: inserting implicit <span>
    PLNPCAfit.html:127:6: Warning: missing </span> before <p>
    PLNPCAfit.html:127:91: Warning: inserting implicit <span>
    PLNPCAfit.html:130:6: Warning: missing </span> before <p>
    PLNPCAfit.html:130:89: Warning: inserting implicit <span>
    PLNPCAfit.html:133:6: Warning: missing </span> before <p>
    PLNPCAfit.html:133:90: Warning: inserting implicit <span>
    PLNPCAfit.html:124:6: Warning: trimming empty <span>
    PLNPCAfit.html:127:6: Warning: trimming empty <span>
    PLNPCAfit.html:130:6: Warning: trimming empty <span>
    PLNPCAfit.html:133:6: Warning: trimming empty <span>
    PLNmixturefamily.html:89:6: Warning: missing </span> before <p>
    PLNmixturefamily.html:89:95: Warning: inserting implicit <span>
    PLNmixturefamily.html:92:6: Warning: missing </span> before <p>
    PLNmixturefamily.html:92:100: Warning: inserting implicit <span>
    PLNmixturefamily.html:89:6: Warning: trimming empty <span>
    PLNmixturefamily.html:92:6: Warning: trimming empty <span>
    PLNnetworkfamily.html:100:6: Warning: missing </span> before <p>
    PLNnetworkfamily.html:100:95: Warning: inserting implicit <span>
    PLNnetworkfamily.html:103:6: Warning: missing </span> before <p>
    PLNnetworkfamily.html:103:100: Warning: inserting implicit <span>
    PLNnetworkfamily.html:106:6: Warning: missing </span> before <p>
    PLNnetworkfamily.html:106:92: Warning: inserting implicit <span>
    PLNnetworkfamily.html:100:6: Warning: trimming empty <span>
    PLNnetworkfamily.html:103:6: Warning: trimming empty <span>
    PLNnetworkfamily.html:106:6: Warning: trimming empty <span>
    PLNnetworkfit.html:101:6: Warning: missing </span> before <p>
    PLNnetworkfit.html:101:90: Warning: inserting implicit <span>
    PLNnetworkfit.html:104:6: Warning: missing </span> before <p>
    PLNnetworkfit.html:104:98: Warning: inserting implicit <span>
    PLNnetworkfit.html:107:6: Warning: missing </span> before <p>
    PLNnetworkfit.html:107:106: Warning: inserting implicit <span>
    PLNnetworkfit.html:110:6: Warning: missing </span> before <p>
    PLNnetworkfit.html:110:91: Warning: inserting implicit <span>
    PLNnetworkfit.html:113:6: Warning: missing </span> before <p>
    PLNnetworkfit.html:113:89: Warning: inserting implicit <span>
    PLNnetworkfit.html:116:6: Warning: missing </span> before <p>
    PLNnetworkfit.html:116:90: Warning: inserting implicit <span>
    PLNnetworkfit.html:101:6: Warning: trimming empty <span>
    PLNnetworkfit.html:104:6: Warning: trimming empty <span>
    PLNnetworkfit.html:107:6: Warning: trimming empty <span>
    PLNnetworkfit.html:110:6: Warning: trimming empty <span>
    PLNnetworkfit.html:113:6: Warning: trimming empty <span>
    PLNnetworkfit.html:116:6: Warning: trimming empty <span>
Flavors: r-devel-linux-x86_64-debian-clang, r-devel-linux-x86_64-debian-gcc

Version: 0.11.6
Check: installed package size
Result: NOTE
     installed size is 11.3Mb
     sub-directories of 1Mb or more:
     doc 2.1Mb
     libs 8.1Mb
Flavors: r-devel-linux-x86_64-fedora-clang, r-release-macos-arm64, r-release-macos-x86_64, r-oldrel-macos-arm64, r-oldrel-macos-x86_64, r-oldrel-windows-ix86+x86_64

Version: 0.11.6
Check: package dependencies
Result: NOTE
    Packages suggested but not available for checking:
     'biomformat', 'phyloseq', 'Wrench'
Flavor: r-release-macos-arm64

Version: 0.11.6
Check: Rd cross-references
Result: NOTE
    Package unavailable to check Rd xrefs: ‘Wrench’
Flavor: r-release-macos-arm64