CRAN Package Check Results for Package PCRA

Last updated on 2025-01-23 12:55:07 CET.

Flavor Version Tinstall Tcheck Ttotal Status Flags
r-devel-linux-x86_64-debian-clang 1.2 18.25 60.12 78.37 NOTE
r-devel-linux-x86_64-debian-gcc 1.2 12.35 43.14 55.49 NOTE
r-devel-linux-x86_64-fedora-clang 1.2 129.28 NOTE
r-devel-linux-x86_64-fedora-gcc 1.2 131.40 NOTE
r-devel-windows-x86_64 1.2 20.00 85.00 105.00 NOTE
r-patched-linux-x86_64 1.2 16.82 56.61 73.43 NOTE
r-release-linux-x86_64 1.2 15.70 56.51 72.21 NOTE
r-release-macos-arm64 1.2 45.00 NOTE
r-release-macos-x86_64 1.2 61.00 NOTE
r-release-windows-x86_64 1.2 20.00 86.00 106.00 NOTE
r-oldrel-macos-arm64 1.2 46.00 OK
r-oldrel-macos-x86_64 1.2 82.00 OK
r-oldrel-windows-x86_64 1.2 21.00 99.00 120.00 OK

Check Details

Version: 1.2
Check: Rd files
Result: NOTE checkRd: (-1) getPCRAData.Rd:28: Lost braces in \itemize; meant \describe ? checkRd: (-1) getPCRAData.Rd:29: Lost braces in \itemize; meant \describe ? Flavors: r-devel-linux-x86_64-debian-clang, r-devel-linux-x86_64-debian-gcc, r-devel-linux-x86_64-fedora-clang, r-devel-linux-x86_64-fedora-gcc, r-devel-windows-x86_64, r-patched-linux-x86_64, r-release-linux-x86_64, r-release-macos-arm64, r-release-macos-x86_64, r-release-windows-x86_64

Version: 1.2
Check: for unstated dependencies in ‘demo’
Result: NOTE '::' or ':::' imports not declared from: ‘MASS’ ‘tensr’ 'library' or 'require' calls not declared from: ‘MASS’ ‘facmodCS’ ‘fit.models’ ‘sandwich’ Flavor: r-devel-linux-x86_64-debian-gcc