Last updated on 2023-12-04 18:52:24 CET.
Flavor | Version | Tinstall | Tcheck | Ttotal | Status | Flags |
---|---|---|---|---|---|---|
r-devel-linux-x86_64-debian-clang | 2.69.3 | 18.49 | 118.06 | 136.55 | OK | |
r-devel-linux-x86_64-debian-gcc | 2.69.3 | 14.04 | 87.77 | 101.81 | OK | |
r-devel-linux-x86_64-fedora-clang | 2.69.3 | 176.97 | NOTE | |||
r-devel-linux-x86_64-fedora-gcc | 2.69.3 | 197.46 | OK | |||
r-devel-windows-x86_64 | 2.69.3 | 18.00 | 119.00 | 137.00 | NOTE | |
r-patched-linux-x86_64 | 2.69.3 | 22.22 | 114.62 | 136.84 | OK | |
r-release-linux-x86_64 | 2.69.3 | 16.33 | 114.01 | 130.34 | OK | |
r-release-macos-arm64 | 2.69.3 | 53.00 | NOTE | |||
r-release-macos-x86_64 | 2.69.3 | 186.00 | NOTE | |||
r-release-windows-x86_64 | 2.69.3 | 19.00 | 130.00 | 149.00 | NOTE | |
r-oldrel-macos-arm64 | 2.69.3 | 82.00 | NOTE | |||
r-oldrel-macos-x86_64 | 2.68.8 | 118.00 | NOTE | |||
r-oldrel-windows-x86_64 | 2.69.3 | 26.00 | 134.00 | 160.00 | NOTE |
Version: 2.69.3
Check: installed package size
Result: NOTE
installed size is 5.4Mb
sub-directories of 1Mb or more:
doc 1.4Mb
examples 1.7Mb
Flavors: r-devel-linux-x86_64-fedora-clang, r-devel-windows-x86_64, r-release-macos-arm64, r-release-macos-x86_64, r-release-windows-x86_64, r-oldrel-macos-arm64, r-oldrel-windows-x86_64
Version: 2.68.8
Check: installed package size
Result: NOTE
installed size is 5.2Mb
sub-directories of 1Mb or more:
doc 1.3Mb
examples 1.7Mb
Flavor: r-oldrel-macos-x86_64