CRAN Package Check Results for Package PBSmodelling

Last updated on 2024-06-14 12:57:46 CEST.

Flavor Version Tinstall Tcheck Ttotal Status Flags
r-devel-linux-x86_64-debian-clang 2.69.3 25.55 134.83 160.38 OK
r-devel-linux-x86_64-debian-gcc 2.69.3 18.35 96.93 115.28 OK
r-devel-linux-x86_64-fedora-clang 2.69.3 210.75 NOTE
r-devel-linux-x86_64-fedora-gcc 2.69.3 199.01 OK
r-devel-windows-x86_64 2.69.3 19.00 120.00 139.00 NOTE
r-patched-linux-x86_64 2.69.3 26.91 126.43 153.34 OK
r-release-linux-x86_64 2.69.3 24.26 127.28 151.54 OK
r-release-macos-arm64 2.69.3 80.00 NOTE
r-release-macos-x86_64 2.69.3 86.00 NOTE
r-release-windows-x86_64 2.69.3 17.00 122.00 139.00 NOTE
r-oldrel-macos-arm64 2.69.3 53.00 NOTE
r-oldrel-macos-x86_64 2.69.3 186.00 NOTE
r-oldrel-windows-x86_64 2.69.3 22.00 131.00 153.00 NOTE

Check Details

Version: 2.69.3
Check: installed package size
Result: NOTE installed size is 5.4Mb sub-directories of 1Mb or more: doc 1.4Mb examples 1.7Mb Flavors: r-devel-linux-x86_64-fedora-clang, r-devel-windows-x86_64, r-release-macos-arm64, r-release-macos-x86_64, r-release-windows-x86_64, r-oldrel-macos-arm64, r-oldrel-macos-x86_64, r-oldrel-windows-x86_64