Last updated on 2023-01-30 12:55:26 CET.
Flavor | Version | Tinstall | Tcheck | Ttotal | Status | Flags |
---|---|---|---|---|---|---|
r-devel-linux-x86_64-debian-clang | 2.68.8 | 19.57 | 114.54 | 134.11 | OK | |
r-devel-linux-x86_64-debian-gcc | 2.68.8 | 13.94 | 86.26 | 100.20 | OK | |
r-devel-linux-x86_64-fedora-clang | 2.68.8 | 170.99 | NOTE | |||
r-devel-linux-x86_64-fedora-gcc | 2.68.8 | 188.24 | OK | |||
r-devel-windows-x86_64 | 2.68.8 | 143.00 | 185.00 | 328.00 | OK | |
r-patched-linux-x86_64 | 2.68.8 | 25.02 | 120.34 | 145.36 | OK | |
r-release-linux-x86_64 | 2.68.8 | 23.36 | 118.61 | 141.97 | OK | |
r-release-macos-arm64 | 2.68.8 | 79.00 | NOTE | |||
r-release-macos-x86_64 | 2.68.8 | 118.00 | NOTE | |||
r-release-windows-x86_64 | 2.68.8 | 431.00 | 180.00 | 611.00 | OK | |
r-oldrel-macos-arm64 | 2.68.8 | 125.00 | NOTE | |||
r-oldrel-macos-x86_64 | 2.68.8 | 119.00 | NOTE | |||
r-oldrel-windows-ix86+x86_64 | 2.68.8 | 37.00 | 147.00 | 184.00 | OK |
Version: 2.68.8
Check: installed package size
Result: NOTE
installed size is 5.3Mb
sub-directories of 1Mb or more:
doc 1.3Mb
examples 1.7Mb
Flavors: r-devel-linux-x86_64-fedora-clang, r-release-macos-arm64, r-release-macos-x86_64, r-oldrel-macos-arm64, r-oldrel-macos-x86_64