CRAN Package Check Results for Package PAutilities

Last updated on 2020-12-04 19:48:37 CET.

Flavor Version Tinstall Tcheck Ttotal Status Flags
r-devel-linux-x86_64-debian-clang 1.0.1 30.80 71.99 102.79 OK
r-devel-linux-x86_64-debian-gcc 1.0.1 21.45 54.46 75.91 OK
r-devel-linux-x86_64-fedora-clang 1.0.1 135.91 OK
r-devel-linux-x86_64-fedora-gcc 1.0.1 122.10 OK
r-devel-windows-ix86+x86_64 1.0.1 74.00 141.00 215.00 OK
r-patched-linux-x86_64 1.0.1 18.24 67.40 85.64 OK
r-patched-solaris-x86 1.0.1 146.70 OK
r-release-linux-x86_64 1.0.1 18.94 67.85 86.79 OK
r-release-macos-x86_64 1.0.1 OK
r-release-windows-ix86+x86_64 1.0.1 52.00 108.00 160.00 OK
r-oldrel-macos-x86_64 1.0.1 OK
r-oldrel-windows-ix86+x86_64 1.0.1 58.00 130.00 188.00 ERROR

Check Details

Version: 1.0.1
Check: running examples for arch ‘i386’
Result: ERROR
    Running examples in 'PAutilities-Ex.R' failed
    The error most likely occurred in:
    
    > ### Name: get_transition_info
    > ### Title: Invoke the Transition Pairing Method
    > ### Aliases: get_transition_info validate_transition_info_input
    > ### impute_trans recode_trans_names
    > ### Keywords: internal
    >
    > ### ** Examples
    >
    > set.seed(100)
    > predictions <- (sample(1:100)%%2)
    > references <- (sample(1:100)%%2)
    > window_size <- 7
    > get_transition_info(predictions, references, window_size)
    Error: .onLoad failed in loadNamespace() for 'rJava', details:
     call: library.dynam("rJava", pkgname, libname)
     error: DLL 'rJava' not found: maybe not installed for this architecture?
    Execution halted
Flavor: r-oldrel-windows-ix86+x86_64