Last updated on 2023-02-01 00:52:43 CET.
Flavor | Version | Tinstall | Tcheck | Ttotal | Status | Flags |
---|---|---|---|---|---|---|
r-devel-linux-x86_64-debian-clang | 0.9.4 | 3.86 | 49.93 | 53.79 | OK | |
r-devel-linux-x86_64-debian-gcc | 0.9.4 | 2.91 | 40.12 | 43.03 | OK | |
r-devel-linux-x86_64-fedora-clang | 0.9.4 | 69.37 | NOTE | |||
r-devel-linux-x86_64-fedora-gcc | 0.9.4 | 80.55 | NOTE | |||
r-devel-windows-x86_64 | 0.9.4 | 21.00 | 95.00 | 116.00 | OK | |
r-patched-linux-x86_64 | 0.9.4 | 3.71 | 50.40 | 54.11 | OK | |
r-release-linux-x86_64 | 0.9.4 | 3.10 | 51.78 | 54.88 | OK | |
r-release-macos-arm64 | 0.9.4 | 5.00 | ERROR | |||
r-release-macos-x86_64 | 0.9.4 | 7.00 | ERROR | |||
r-release-windows-x86_64 | 0.9.4 | 17.00 | 101.00 | 118.00 | OK | |
r-oldrel-macos-arm64 | 0.9.4 | 34.00 | NOTE | |||
r-oldrel-macos-x86_64 | 0.9.4 | 12.00 | ERROR | |||
r-oldrel-windows-ix86+x86_64 | 0.9.4 | 11.00 | 81.00 | 92.00 | OK |
Version: 0.9.4
Check: dependencies in R code
Result: NOTE
Namespace in Imports field not imported from: ‘optparse’
All declared Imports should be used.
Flavors: r-devel-linux-x86_64-fedora-clang, r-devel-linux-x86_64-fedora-gcc, r-oldrel-macos-arm64
Version: 0.9.4
Check: package dependencies
Result: ERROR
Package required but not available: ‘genbankr’
See section ‘The DESCRIPTION file’ in the ‘Writing R Extensions’
manual.
Flavors: r-release-macos-arm64, r-release-macos-x86_64, r-oldrel-macos-x86_64