CRAN Package Check Results for Package OwenQ

Last updated on 2020-06-01 13:49:43 CEST.

Flavor Version Tinstall Tcheck Ttotal Status Flags
r-devel-linux-x86_64-debian-clang 1.0.3 71.95 251.27 323.22 OK
r-devel-linux-x86_64-debian-gcc 1.0.3 53.02 186.18 239.20 OK
r-devel-linux-x86_64-fedora-clang 1.0.3 391.97 NOTE
r-devel-linux-x86_64-fedora-gcc 1.0.3 385.76 OK
r-devel-windows-ix86+x86_64 1.0.3 163.00 342.00 505.00 OK
r-patched-linux-x86_64 1.0.3 62.06 252.94 315.00 OK
r-patched-solaris-x86 1.0.3 391.80 OK
r-release-linux-x86_64 1.0.3 60.73 252.74 313.47 OK
r-release-osx-x86_64 1.0.3 NOTE
r-release-windows-ix86+x86_64 1.0.3 143.00 291.00 434.00 OK
r-oldrel-osx-x86_64 1.0.3 NOTE
r-oldrel-windows-ix86+x86_64 1.0.3 144.00 261.00 405.00 OK

Check Details

Version: 1.0.3
Check: installed package size
Result: NOTE
     installed size is 10.6Mb
     sub-directories of 1Mb or more:
     libs 10.2Mb
Flavors: r-devel-linux-x86_64-fedora-clang, r-release-osx-x86_64, r-oldrel-osx-x86_64