CRAN Package Check Results for Package OrdFacReg

Last updated on 2023-12-02 00:52:04 CET.

Flavor Version Tinstall Tcheck Ttotal Status Flags
r-devel-linux-x86_64-debian-clang 1.0.6 5.57 72.88 78.45 NOTE
r-devel-linux-x86_64-debian-gcc 1.0.6 6.95 55.95 62.90 NOTE
r-devel-linux-x86_64-fedora-clang 1.0.6 104.04 OK
r-devel-linux-x86_64-fedora-gcc 1.0.6 102.80 OK
r-devel-windows-x86_64 1.0.6 8.00 73.00 81.00 OK
r-patched-linux-x86_64 1.0.6 9.04 69.34 78.38 OK
r-release-linux-x86_64 1.0.6 7.09 69.66 76.75 OK
r-release-macos-arm64 1.0.6 35.00 OK
r-release-macos-x86_64 1.0.6 55.00 OK
r-release-windows-x86_64 1.0.6 9.00 87.00 96.00 OK
r-oldrel-macos-arm64 1.0.6 33.00 OK
r-oldrel-macos-x86_64 1.0.6 48.00 OK
r-oldrel-windows-x86_64 1.0.6 10.00 87.00 97.00 OK

Check Details

Version: 1.0.6
Check: Rd files
Result: NOTE checkRd: (-1) internal.Rd:26-27: Lost braces in \itemize; meant \describe ? checkRd: (-1) internal.Rd:29-31: Lost braces in \itemize; meant \describe ? checkRd: (-1) internal.Rd:33: Lost braces in \itemize; meant \describe ? checkRd: (-1) internal.Rd:35: Lost braces in \itemize; meant \describe ? checkRd: (-1) internal.Rd:37-38: Lost braces in \itemize; meant \describe ? checkRd: (-1) internal.Rd:40-41: Lost braces in \itemize; meant \describe ? checkRd: (-1) internal.Rd:43-44: Lost braces in \itemize; meant \describe ? checkRd: (-1) internal.Rd:46: Lost braces in \itemize; meant \describe ? checkRd: (-1) internal.Rd:48: Lost braces in \itemize; meant \describe ? checkRd: (-1) internal.Rd:50: Lost braces in \itemize; meant \describe ? checkRd: (-1) internal.Rd:52: Lost braces in \itemize; meant \describe ? checkRd: (-1) internal.Rd:54: Lost braces in \itemize; meant \describe ? checkRd: (-1) internal.Rd:56-57: Lost braces in \itemize; meant \describe ? checkRd: (-1) internal.Rd:59-60: Lost braces in \itemize; meant \describe ? checkRd: (-1) internal.Rd:62-63: Lost braces in \itemize; meant \describe ? checkRd: (-1) internal.Rd:65-66: Lost braces in \itemize; meant \describe ? checkRd: (-1) internal.Rd:68: Lost braces in \itemize; meant \describe ? checkRd: (-1) internal.Rd:70: Lost braces in \itemize; meant \describe ? Flavors: r-devel-linux-x86_64-debian-clang, r-devel-linux-x86_64-debian-gcc