CRAN Package Check Results for Package OptCirClust

Last updated on 2024-06-16 21:52:08 CEST.

Flavor Version Tinstall Tcheck Ttotal Status Flags
r-devel-linux-x86_64-debian-clang 0.0.4 21.83 67.71 89.54 OK
r-devel-linux-x86_64-debian-gcc 0.0.4 15.41 51.33 66.74 OK
r-devel-linux-x86_64-fedora-clang 0.0.4 131.85 NOTE
r-devel-linux-x86_64-fedora-gcc 0.0.4 128.85 NOTE
r-devel-windows-x86_64 0.0.4 21.00 87.00 108.00 OK
r-patched-linux-x86_64 0.0.4 21.33 65.64 86.97 OK
r-release-linux-x86_64 0.0.4 21.40 64.20 85.60 OK
r-release-macos-arm64 0.0.4 41.00 OK
r-release-macos-x86_64 0.0.4 59.00 OK
r-release-windows-x86_64 0.0.4 21.00 88.00 109.00 OK
r-oldrel-macos-arm64 0.0.4 40.00 OK
r-oldrel-macos-x86_64 0.0.4 66.00 OK
r-oldrel-windows-x86_64 0.0.4 25.00 102.00 127.00 OK

Check Details

Version: 0.0.4
Check: dependencies in R code
Result: NOTE Namespace in Imports field not imported from: ‘reshape2’ All declared Imports should be used. Flavors: r-devel-linux-x86_64-fedora-clang, r-devel-linux-x86_64-fedora-gcc