CRAN Package Check Results for Package OpenImageR

Last updated on 2020-05-31 13:48:02 CEST.

Flavor Version Tinstall Tcheck Ttotal Status Flags
r-devel-linux-x86_64-debian-clang 1.1.6 62.89 91.09 153.98 OK
r-devel-linux-x86_64-debian-gcc 1.1.6 50.04 68.46 118.50 OK
r-devel-linux-x86_64-fedora-clang 1.1.6 202.39 NOTE
r-devel-linux-x86_64-fedora-gcc 1.1.6 187.29 OK
r-devel-windows-ix86+x86_64 1.1.6 134.00 193.00 327.00 NOTE
r-patched-linux-x86_64 1.1.6 51.83 87.02 138.85 OK
r-patched-solaris-x86 1.1.6 265.20 OK
r-release-linux-x86_64 1.1.6 53.41 85.28 138.69 OK
r-release-osx-x86_64 1.1.6 NOTE
r-release-windows-ix86+x86_64 1.1.6 104.00 156.00 260.00 NOTE
r-oldrel-osx-x86_64 1.1.6 NOTE
r-oldrel-windows-ix86+x86_64 1.1.6 106.00 169.00 275.00 NOTE

Check Details

Version: 1.1.6
Check: installed package size
Result: NOTE
     installed size is 9.1Mb
     sub-directories of 1Mb or more:
     doc 2.2Mb
     libs 6.4Mb
Flavors: r-devel-linux-x86_64-fedora-clang, r-devel-windows-ix86+x86_64, r-release-osx-x86_64, r-release-windows-ix86+x86_64, r-oldrel-osx-x86_64, r-oldrel-windows-ix86+x86_64