CRAN Package Check Results for Package OncoBayes2

Last updated on 2020-10-31 22:47:29 CET.

Flavor Version Tinstall Tcheck Ttotal Status Flags
r-devel-linux-x86_64-debian-clang 0.6-5 175.11 173.46 348.57 NOTE
r-devel-linux-x86_64-debian-gcc 0.6-5 154.90 132.88 287.78 NOTE
r-devel-linux-x86_64-fedora-clang 0.6-5 464.29 NOTE
r-devel-linux-x86_64-fedora-gcc 0.6-5 507.27 NOTE
r-devel-windows-ix86+x86_64 0.6-5 363.00 362.00 725.00 NOTE
r-patched-linux-x86_64 0.6-5 142.14 162.10 304.24 NOTE
r-patched-solaris-x86 0.6-5 478.40 NOTE
r-release-linux-x86_64 0.6-5 138.58 163.55 302.13 NOTE
r-release-macos-x86_64 0.6-5 NOTE
r-release-windows-ix86+x86_64 0.6-5 247.00 316.00 563.00 NOTE
r-oldrel-macos-x86_64 0.6-5 NOTE
r-oldrel-windows-ix86+x86_64 0.6-5 266.00 245.00 511.00 NOTE

Check Details

Version: 0.6-5
Check: for GNU extensions in Makefiles
Result: NOTE
    GNU make is a SystemRequirements.
Flavors: r-devel-linux-x86_64-debian-clang, r-devel-linux-x86_64-debian-gcc, r-devel-linux-x86_64-fedora-clang, r-devel-linux-x86_64-fedora-gcc, r-devel-windows-ix86+x86_64, r-patched-linux-x86_64, r-patched-solaris-x86, r-release-linux-x86_64, r-release-macos-x86_64, r-release-windows-ix86+x86_64, r-oldrel-macos-x86_64, r-oldrel-windows-ix86+x86_64

Version: 0.6-5
Check: installed package size
Result: NOTE
     installed size is 42.1Mb
     sub-directories of 1Mb or more:
     libs 41.0Mb
Flavors: r-devel-linux-x86_64-fedora-clang, r-devel-windows-ix86+x86_64, r-release-macos-x86_64, r-release-windows-ix86+x86_64, r-oldrel-macos-x86_64, r-oldrel-windows-ix86+x86_64

Version: 0.6-5
Check: dependencies in R code
Result: NOTE
    Namespaces in Imports field not imported from:
     ‘bayesplot’ ‘ggplot2’
     All declared Imports should be used.
Flavors: r-devel-linux-x86_64-fedora-clang, r-devel-linux-x86_64-fedora-gcc, r-patched-solaris-x86, r-release-macos-x86_64, r-oldrel-macos-x86_64