CRAN Package Check Results for Package OddsPlotty

Last updated on 2022-09-26 21:53:03 CEST.

Flavor Version Tinstall Tcheck Ttotal Status Flags
r-devel-linux-x86_64-debian-clang 1.0.2 5.95 72.25 78.20 OK
r-devel-linux-x86_64-debian-gcc 1.0.2 4.50 54.12 58.62 OK
r-devel-linux-x86_64-fedora-clang 1.0.2 112.28 NOTE
r-devel-linux-x86_64-fedora-gcc 1.0.2 106.58 NOTE
r-devel-windows-x86_64 1.0.2 13.00 101.00 114.00 OK
r-patched-linux-x86_64 1.0.2 6.29 69.60 75.89 OK
r-release-linux-x86_64 1.0.2 5.57 68.31 73.88 OK
r-release-macos-arm64 1.0.2 32.00 NOTE
r-release-macos-x86_64 1.0.2 53.00 NOTE
r-release-windows-x86_64 1.0.2 11.00 98.00 109.00 OK
r-oldrel-macos-arm64 1.0.2 36.00 NOTE
r-oldrel-macos-x86_64 1.0.2 43.00 NOTE
r-oldrel-windows-ix86+x86_64 1.0.2 15.00 94.00 109.00 OK

Check Details

Version: 1.0.2
Check: dependencies in R code
Result: NOTE
    Namespaces in Imports field not imported from:
     ‘caret’ ‘e1071’ ‘ggthemes’ ‘mlbench’ ‘rmarkdown’ ‘tidymodels’
     All declared Imports should be used.
Flavors: r-devel-linux-x86_64-fedora-clang, r-devel-linux-x86_64-fedora-gcc, r-release-macos-arm64, r-release-macos-x86_64, r-oldrel-macos-arm64, r-oldrel-macos-x86_64