CRAN Package Check Results for Package OUwie

Last updated on 2020-06-01 13:49:43 CEST.

Flavor Version Tinstall Tcheck Ttotal Status Flags
r-devel-linux-x86_64-debian-clang 2.1 12.76 358.55 371.31 WARN
r-devel-linux-x86_64-debian-gcc 2.1 11.39 243.85 255.24 WARN
r-devel-linux-x86_64-fedora-clang 2.1 418.84 WARN
r-devel-linux-x86_64-fedora-gcc 2.1 439.64 WARN
r-devel-windows-ix86+x86_64 2.1 35.00 412.00 447.00 WARN
r-patched-linux-x86_64 2.1 13.65 338.51 352.16 OK
r-patched-solaris-x86 2.1 554.00 OK
r-release-linux-x86_64 2.1 12.09 340.40 352.49 OK
r-release-osx-x86_64 2.1 OK
r-release-windows-ix86+x86_64 2.1 27.00 331.00 358.00 OK
r-oldrel-osx-x86_64 2.1 OK
r-oldrel-windows-ix86+x86_64 2.1 22.00 325.00 347.00 OK

Check Details

Version: 2.1
Check: whether the namespace can be loaded with stated dependencies
Result: WARN
    Warning: S4 exports specified in 'NAMESPACE' but not defined in package 'OUwie'
Flavors: r-devel-linux-x86_64-debian-clang, r-devel-linux-x86_64-debian-gcc, r-devel-linux-x86_64-fedora-clang, r-devel-linux-x86_64-fedora-gcc

Version: 2.1
Check: whether package can be installed
Result: WARN
    Found the following significant warnings:
     Warning: S4 exports specified in 'NAMESPACE' but not defined in package 'OUwie'
Flavor: r-devel-windows-ix86+x86_64

Version: 2.1
Check: whether the namespace can be loaded with stated dependencies
Result: NOTE
    Warning: S4 exports specified in 'NAMESPACE' but not defined in package 'OUwie'
    
    A namespace must be able to be loaded with just the base namespace
    loaded: otherwise if the namespace gets loaded by a saved object, the
    session will be unable to start.
    
    Probably some imports need to be declared in the NAMESPACE file.
Flavor: r-devel-windows-ix86+x86_64