CRAN Package Check Results for Package OTrecod

Last updated on 2022-09-27 12:52:58 CEST.

Flavor Version Tinstall Tcheck Ttotal Status Flags
r-devel-linux-x86_64-debian-clang 0.1.1 21.47 300.11 321.58 OK
r-devel-linux-x86_64-debian-gcc 0.1.1 17.07 218.14 235.21 OK
r-devel-linux-x86_64-fedora-clang 0.1.1 394.16 NOTE
r-devel-linux-x86_64-fedora-gcc 0.1.1 378.24 OK
r-devel-windows-x86_64 0.1.1 37.00 321.00 358.00 OK
r-patched-linux-x86_64 0.1.1 22.91 274.49 297.40 OK
r-release-linux-x86_64 0.1.1 19.84 276.49 296.33 OK
r-release-macos-arm64 0.1.1 93.00 OK
r-release-macos-x86_64 0.1.1 159.00 OK
r-release-windows-x86_64 0.1.1 46.00 307.00 353.00 OK
r-oldrel-macos-arm64 0.1.1 114.00 OK
r-oldrel-macos-x86_64 0.1.1 144.00 OK
r-oldrel-windows-ix86+x86_64 0.1.1 46.00 315.00 361.00 OK

Check Details

Version: 0.1.1
Check: Rd cross-references
Result: NOTE
    Undeclared package ‘survey’ in Rd xrefs
Flavor: r-devel-linux-x86_64-fedora-clang