CRAN Package Check Results for Package OOBCurve

Last updated on 2022-09-26 19:50:43 CEST.

Flavor Version Tinstall Tcheck Ttotal Status Flags
r-devel-linux-x86_64-debian-clang 0.3 10.70 112.88 123.58 NOTE
r-devel-linux-x86_64-debian-gcc 0.3 8.75 85.75 94.50 NOTE
r-devel-linux-x86_64-fedora-clang 0.3 162.19 NOTE
r-devel-linux-x86_64-fedora-gcc 0.3 153.85 NOTE
r-devel-windows-x86_64 0.3 17.00 133.00 150.00 NOTE
r-patched-linux-x86_64 0.3 9.69 106.06 115.75 NOTE
r-release-linux-x86_64 0.3 8.92 105.53 114.45 NOTE
r-release-macos-arm64 0.3 40.00 NOTE
r-release-macos-x86_64 0.3 78.00 NOTE
r-release-windows-x86_64 0.3 13.00 133.00 146.00 NOTE
r-oldrel-macos-arm64 0.3 52.00 NOTE
r-oldrel-macos-x86_64 0.3 77.00 NOTE
r-oldrel-windows-ix86+x86_64 0.3 26.00 133.00 159.00 NOTE

Check Details

Version: 0.3
Check: LazyData
Result: NOTE
     'LazyData' is specified without a 'data' directory
Flavors: r-devel-linux-x86_64-debian-clang, r-devel-linux-x86_64-debian-gcc, r-devel-linux-x86_64-fedora-clang, r-devel-linux-x86_64-fedora-gcc, r-devel-windows-x86_64, r-patched-linux-x86_64, r-release-linux-x86_64, r-release-macos-arm64, r-release-macos-x86_64, r-release-windows-x86_64, r-oldrel-macos-arm64, r-oldrel-macos-x86_64, r-oldrel-windows-ix86+x86_64

Version: 0.3
Check: dependencies in R code
Result: NOTE
    Namespaces in Imports field not imported from:
     ‘randomForest’ ‘ranger’
     All declared Imports should be used.
Flavors: r-devel-linux-x86_64-fedora-clang, r-devel-linux-x86_64-fedora-gcc, r-release-macos-arm64, r-release-macos-x86_64, r-oldrel-macos-arm64, r-oldrel-macos-x86_64