CRAN Package Check Results for Package NormData

Last updated on 2024-06-13 06:58:10 CEST.

Flavor Version Tinstall Tcheck Ttotal Status Flags
r-devel-linux-x86_64-debian-clang 1.1 18.94 145.63 164.57 OK
r-devel-linux-x86_64-debian-gcc 1.1 0.43 1.73 2.16 ERROR
r-devel-linux-x86_64-fedora-clang 1.1 204.64 OK
r-devel-linux-x86_64-fedora-gcc 1.1 189.10 OK
r-devel-windows-x86_64 1.1 15.00 124.00 139.00 OK
r-patched-linux-x86_64 1.1 11.52 137.69 149.21 OK
r-release-linux-x86_64 1.1 15.29 138.53 153.82 OK
r-release-macos-arm64 1.1 55.00 OK
r-release-macos-x86_64 1.1 77.00 OK
r-release-windows-x86_64 1.1 14.00 124.00 138.00 OK
r-oldrel-macos-arm64 1.1 64.00 OK
r-oldrel-macos-x86_64 1.1 140.00 OK
r-oldrel-windows-x86_64 1.1 20.00 160.00 180.00 OK

Check Details

Version: 1.1
Check: package dependencies
Result: ERROR Packages required but not available: 'car', 'doBy', 'dplyr' See section ‘The DESCRIPTION file’ in the ‘Writing R Extensions’ manual. Flavor: r-devel-linux-x86_64-debian-gcc