CRAN Package Check Results for Package NicheBarcoding

Last updated on 2022-09-26 21:53:03 CEST.

Flavor Version Tinstall Tcheck Ttotal Status Flags
r-devel-linux-x86_64-debian-clang 1.0 5.58 421.60 427.18 OK
r-devel-linux-x86_64-debian-gcc 1.0 4.87 307.01 311.88 OK
r-devel-linux-x86_64-fedora-clang 1.0 523.29 NOTE
r-devel-linux-x86_64-fedora-gcc 1.0 526.60 NOTE
r-devel-windows-x86_64 1.0 9.00 417.00 426.00 OK
r-patched-linux-x86_64 1.0 5.23 416.41 421.64 OK
r-release-linux-x86_64 1.0 6.02 400.07 406.09 OK
r-release-macos-arm64 1.0 154.00 NOTE
r-release-macos-x86_64 1.0 193.00 NOTE
r-release-windows-x86_64 1.0 27.00 412.00 439.00 OK
r-oldrel-macos-arm64 1.0 144.00 NOTE
r-oldrel-macos-x86_64 1.0 201.00 NOTE
r-oldrel-windows-ix86+x86_64 1.0 10.00 487.00 497.00 OK

Check Details

Version: 1.0
Check: dependencies in R code
Result: NOTE
    Namespace in Imports field not imported from: ‘rJava’
     All declared Imports should be used.
Flavors: r-devel-linux-x86_64-fedora-clang, r-devel-linux-x86_64-fedora-gcc, r-release-macos-arm64, r-release-macos-x86_64, r-oldrel-macos-arm64, r-oldrel-macos-x86_64