CRAN Package Check Results for Package NetworkDistance

Last updated on 2020-09-21 19:59:06 CEST.

Flavor Version Tinstall Tcheck Ttotal Status Flags
r-devel-linux-x86_64-debian-clang 0.3.3 60.44 104.28 164.72 OK
r-devel-linux-x86_64-debian-gcc 0.3.3 47.15 80.96 128.11 OK
r-devel-linux-x86_64-fedora-clang 0.3.3 266.33 WARN
r-devel-linux-x86_64-fedora-gcc 0.3.3 217.11 OK
r-devel-windows-ix86+x86_64 0.3.3 158.00 190.00 348.00 OK
r-patched-linux-x86_64 0.3.3 52.27 101.14 153.41 OK
r-patched-solaris-x86 0.3.3 240.80 OK
r-release-linux-x86_64 0.3.3 50.49 100.89 151.38 OK
r-release-macos-x86_64 0.3.3 OK
r-release-windows-ix86+x86_64 0.3.3 155.00 192.00 347.00 OK
r-oldrel-macos-x86_64 0.3.3 OK
r-oldrel-windows-ix86+x86_64 0.3.3 106.00 150.00 256.00 OK

Check Details

Version: 0.3.3
Check: package dependencies
Result: WARN
    Requires (indirectly) orphaned package: ‘bibtex’
Flavor: r-devel-linux-x86_64-fedora-clang