CRAN Package Check Results for Package NetworkChange

Last updated on 2020-07-07 02:08:30 CEST.

Flavor Version Tinstall Tcheck Ttotal Status Flags
r-devel-linux-x86_64-debian-clang 0.6 21.58 149.43 171.01 OK
r-devel-linux-x86_64-debian-gcc 0.6 18.99 114.58 133.57 OK
r-devel-linux-x86_64-fedora-clang 0.6 213.18 NOTE
r-devel-linux-x86_64-fedora-gcc 0.6 208.22 NOTE
r-devel-windows-ix86+x86_64 0.6 47.00 161.00 208.00 OK
r-patched-linux-x86_64 0.6 16.52 146.67 163.19 OK
r-patched-solaris-x86 0.6 287.40 NOTE
r-release-linux-x86_64 0.6 20.12 146.15 166.27 OK
r-release-osx-x86_64 0.6 NOTE
r-release-windows-ix86+x86_64 0.6 48.00 159.00 207.00 OK
r-oldrel-osx-x86_64 0.6 NOTE
r-oldrel-windows-ix86+x86_64 0.6 70.00 248.00 318.00 OK

Check Details

Version: 0.6
Check: dependencies in R code
Result: NOTE
    Namespace in Imports field not imported from: ‘sna’
     All declared Imports should be used.
Flavors: r-devel-linux-x86_64-fedora-clang, r-devel-linux-x86_64-fedora-gcc, r-patched-solaris-x86, r-release-osx-x86_64, r-oldrel-osx-x86_64