CRAN Package Check Results for Package NetPreProc

Last updated on 2020-12-04 19:48:35 CET.

Flavor Version Tinstall Tcheck Ttotal Status Flags
r-devel-linux-x86_64-debian-clang 1.1 4.66 41.29 45.95 OK
r-devel-linux-x86_64-debian-gcc 1.1 4.17 33.32 37.49 OK
r-devel-linux-x86_64-fedora-clang 1.1 66.11 NOTE
r-devel-linux-x86_64-fedora-gcc 1.1 57.83 NOTE
r-devel-windows-ix86+x86_64 1.1 10.00 83.00 93.00 OK
r-patched-linux-x86_64 1.1 4.75 40.69 45.44 OK
r-patched-solaris-x86 1.1 82.90 OK
r-release-linux-x86_64 1.1 4.90 40.31 45.21 OK
r-release-macos-x86_64 1.1 OK
r-release-windows-ix86+x86_64 1.1 10.00 84.00 94.00 OK
r-oldrel-macos-x86_64 1.1 OK
r-oldrel-windows-ix86+x86_64 1.1 11.00 89.00 100.00 OK

Check Details

Version: 1.1
Check: compiled code
Result: NOTE
    File ‘NetPreProc/libs/NetPreProc.so’:
     Found no calls to: ‘R_registerRoutines’, ‘R_useDynamicSymbols’
    
    It is good practice to register native routines and to disable symbol
    search.
    
    See ‘Writing portable packages’ in the ‘Writing R Extensions’ manual.
Flavors: r-devel-linux-x86_64-fedora-clang, r-devel-linux-x86_64-fedora-gcc