CRAN Package Check Results for Package NNS

Last updated on 2020-10-24 07:49:51 CEST.

Flavor Version Tinstall Tcheck Ttotal Status Flags
r-devel-linux-x86_64-debian-clang 0.5.5 15.06 98.00 113.06 OK --no-vignettes
r-devel-linux-x86_64-debian-gcc 0.5.5 12.31 73.38 85.69 OK --no-vignettes
r-devel-linux-x86_64-fedora-clang 0.5.5 449.19 OK
r-devel-linux-x86_64-fedora-gcc 0.5.5 392.04 OK
r-devel-windows-ix86+x86_64 0.5.5 29.00 303.00 332.00 OK
r-patched-linux-x86_64 0.5.5 14.77 89.28 104.05 OK --no-vignettes
r-patched-solaris-x86 0.5.5 413.30 OK
r-release-linux-x86_64 0.5.5 14.97 88.69 103.66 OK --no-vignettes
r-release-macos-x86_64 0.5.5 OK
r-release-windows-ix86+x86_64 0.5.5 30.00 310.00 340.00 OK
r-oldrel-macos-x86_64 0.5.5 WARN
r-oldrel-windows-ix86+x86_64 0.5.5 28.00 326.00 354.00 OK

Check Details

Version: 0.5.5
Check: whether package can be installed
Result: WARN
    Found the following significant warnings:
     Warning: 'rgl.init' failed, running with 'rgl.useNULL = TRUE'.
Flavor: r-oldrel-macos-x86_64