CRAN Package Check Results for Package NMADiagT

Last updated on 2024-06-20 06:57:18 CEST.

Flavor Version Tinstall Tcheck Ttotal Status Flags
r-devel-linux-x86_64-debian-clang 0.1.2 17.70 260.76 278.46 NOTE
r-devel-linux-x86_64-debian-gcc 0.1.2 13.55 175.56 189.11 NOTE
r-devel-linux-x86_64-fedora-clang 0.1.2 344.51 NOTE
r-devel-linux-x86_64-fedora-gcc 0.1.2 323.94 NOTE
r-devel-windows-x86_64 0.1.2 16.00 196.00 212.00 NOTE
r-patched-linux-x86_64 0.1.2 17.76 270.39 288.15 NOTE
r-release-linux-x86_64 0.1.2 19.65 264.62 284.27 NOTE
r-release-macos-arm64 0.1.2 90.00 NOTE
r-release-macos-x86_64 0.1.2 139.00 NOTE
r-release-windows-x86_64 0.1.2 16.00 200.00 216.00 NOTE
r-oldrel-macos-arm64 0.1.2 105.00 NOTE
r-oldrel-macos-x86_64 0.1.2 168.00 NOTE
r-oldrel-windows-x86_64 0.1.2 21.00 230.00 251.00 NOTE

Check Details

Version: 0.1.2
Check: LazyData
Result: NOTE 'LazyData' is specified without a 'data' directory Flavors: r-devel-linux-x86_64-debian-clang, r-devel-linux-x86_64-debian-gcc, r-devel-linux-x86_64-fedora-clang, r-devel-linux-x86_64-fedora-gcc, r-devel-windows-x86_64, r-patched-linux-x86_64, r-release-linux-x86_64, r-release-macos-arm64, r-release-macos-x86_64, r-release-windows-x86_64, r-oldrel-macos-arm64, r-oldrel-macos-x86_64, r-oldrel-windows-x86_64