CRAN Package Check Results for Package NLP

Last updated on 2024-06-25 12:53:28 CEST.

Flavor Version Tinstall Tcheck Ttotal Status Flags
r-devel-linux-x86_64-debian-clang 0.2-1 5.47 39.23 44.70 OK
r-devel-linux-x86_64-debian-gcc 0.2-1 4.02 28.97 32.99 OK
r-devel-linux-x86_64-fedora-clang 0.2-1 54.54 NOTE
r-devel-linux-x86_64-fedora-gcc 0.2-1 51.65 OK
r-devel-windows-x86_64 0.2-1 6.00 57.00 63.00 OK
r-patched-linux-x86_64 0.2-1 5.99 37.97 43.96 OK
r-release-linux-x86_64 0.2-1 4.27 36.60 40.87 OK
r-release-macos-arm64 0.2-1 19.00 OK
r-release-macos-x86_64 0.2-1 30.00 OK
r-release-windows-x86_64 0.2-1 6.00 57.00 63.00 OK
r-oldrel-macos-arm64 0.2-1 20.00 OK
r-oldrel-macos-x86_64 0.2-1 29.00 OK
r-oldrel-windows-x86_64 0.2-1 5.00 59.00 64.00 OK

Check Details

Version: 0.2-1
Check: Rd cross-references
Result: NOTE Undeclared package ‘tm’ in Rd xrefs Flavor: r-devel-linux-x86_64-fedora-clang