CRAN Package Check Results for Package NISTunits

Last updated on 2022-10-04 07:49:53 CEST.

Flavor Version Tinstall Tcheck Ttotal Status Flags
r-devel-linux-x86_64-debian-clang 1.0.1 16.66 123.51 140.17 NOTE
r-devel-linux-x86_64-debian-gcc 1.0.1 11.13 94.51 105.64 NOTE
r-devel-linux-x86_64-fedora-clang 1.0.1 187.17 NOTE
r-devel-linux-x86_64-fedora-gcc 1.0.1 182.73 NOTE
r-devel-windows-x86_64 1.0.1 727.00 349.00 1076.00 NOTE
r-patched-linux-x86_64 1.0.1 29.05 116.56 145.61 NOTE
r-release-linux-x86_64 1.0.1 15.02 115.68 130.70 NOTE
r-release-macos-arm64 1.0.1 44.00 NOTE
r-release-macos-x86_64 1.0.1 70.00 NOTE
r-release-windows-x86_64 1.0.1 127.00 196.00 323.00 NOTE
r-oldrel-macos-arm64 1.0.1 52.00 NOTE
r-oldrel-macos-x86_64 1.0.1 111.00 NOTE
r-oldrel-windows-ix86+x86_64 1.0.1 27.00 169.00 196.00 NOTE

Check Details

Version: 1.0.1
Check: DESCRIPTION meta-information
Result: NOTE
    Malformed Description field: should contain one or more complete sentences.
Flavors: r-devel-linux-x86_64-debian-clang, r-devel-linux-x86_64-debian-gcc, r-devel-linux-x86_64-fedora-clang, r-devel-linux-x86_64-fedora-gcc, r-devel-windows-x86_64, r-patched-linux-x86_64, r-release-linux-x86_64, r-release-macos-arm64, r-release-macos-x86_64, r-release-windows-x86_64, r-oldrel-macos-arm64, r-oldrel-macos-x86_64, r-oldrel-windows-ix86+x86_64

Version: 1.0.1
Check: data for non-ASCII characters
Result: NOTE
     Note: found 170 marked UTF-8 strings
Flavors: r-devel-linux-x86_64-fedora-clang, r-devel-linux-x86_64-fedora-gcc, r-release-macos-arm64, r-release-macos-x86_64, r-oldrel-macos-arm64, r-oldrel-macos-x86_64