CRAN Package Check Results for Package NHSDataDictionaRy

Last updated on 2022-09-24 21:51:08 CEST.

Flavor Version Tinstall Tcheck Ttotal Status Flags
r-devel-linux-x86_64-debian-clang 1.2.5 4.48 62.61 67.09 OK
r-devel-linux-x86_64-debian-gcc 1.2.5 4.51 46.50 51.01 OK
r-devel-linux-x86_64-fedora-clang 1.2.5 92.48 NOTE
r-devel-linux-x86_64-fedora-gcc 1.2.5 86.99 NOTE
r-devel-windows-x86_64 1.2.5 10.00 94.00 104.00 OK
r-patched-linux-x86_64 1.2.5 4.02 57.90 61.92 OK
r-release-linux-x86_64 1.2.5 4.86 58.18 63.04 OK
r-release-macos-arm64 1.2.5 55.00 NOTE
r-release-macos-x86_64 1.2.5 72.00 NOTE
r-release-windows-x86_64 1.2.5 36.00 93.00 129.00 OK
r-oldrel-macos-arm64 1.2.5 47.00 NOTE
r-oldrel-macos-x86_64 1.2.5 51.00 NOTE
r-oldrel-windows-ix86+x86_64 1.2.5 14.00 85.00 99.00 OK

Check Details

Version: 1.2.5
Check: dependencies in R code
Result: NOTE
    Namespace in Imports field not imported from: ‘tibble’
     All declared Imports should be used.
Flavors: r-devel-linux-x86_64-fedora-clang, r-devel-linux-x86_64-fedora-gcc, r-release-macos-arm64, r-release-macos-x86_64, r-oldrel-macos-arm64, r-oldrel-macos-x86_64