CRAN Package Check Results for Package NHMM

Last updated on 2020-10-21 13:50:00 CEST.

Flavor Version Tinstall Tcheck Ttotal Status Flags
r-devel-linux-x86_64-debian-clang 3.11 250.12 92.59 342.71 OK
r-devel-linux-x86_64-debian-gcc 3.11 168.06 71.32 239.38 OK
r-devel-linux-x86_64-fedora-clang 3.11 500.10 NOTE
r-devel-linux-x86_64-fedora-gcc 3.11 446.37 OK
r-devel-windows-ix86+x86_64 3.11 542.00 159.00 701.00 OK
r-patched-linux-x86_64 3.11 218.11 85.39 303.50 OK
r-patched-solaris-x86 3.11 370.30 OK
r-release-linux-x86_64 3.11 218.95 85.87 304.82 OK
r-release-macos-x86_64 3.11 OK
r-release-windows-ix86+x86_64 3.11 430.00 156.00 586.00 OK
r-oldrel-macos-x86_64 3.11 OK
r-oldrel-windows-ix86+x86_64 3.11 513.00 147.00 660.00 OK

Check Details

Version: 3.11
Check: installed package size
Result: NOTE
     installed size is 7.0Mb
     sub-directories of 1Mb or more:
     libs 6.0Mb
Flavor: r-devel-linux-x86_64-fedora-clang