CRAN Package Check Results for Package NBShiny3

Last updated on 2024-05-27 12:51:36 CEST.

Flavor Version Tinstall Tcheck Ttotal Status Flags
r-devel-linux-x86_64-debian-clang 0.1.0 2.47 20.46 22.93 NOTE
r-devel-linux-x86_64-debian-gcc 0.1.0 1.80 15.93 17.73 NOTE
r-devel-linux-x86_64-fedora-clang 0.1.0 28.56 NOTE
r-devel-linux-x86_64-fedora-gcc 0.1.0 27.06 NOTE
r-devel-windows-x86_64 0.1.0 4.00 37.00 41.00 NOTE
r-patched-linux-x86_64 0.1.0 1.47 19.30 20.77 NOTE
r-release-linux-x86_64 0.1.0 1.52 19.45 20.97 NOTE
r-release-macos-arm64 0.1.0 17.00 NOTE
r-release-windows-x86_64 0.1.0 3.00 36.00 39.00 NOTE
r-oldrel-macos-arm64 0.1.0 17.00 NOTE
r-oldrel-macos-x86_64 0.1.0 17.00 NOTE
r-oldrel-windows-x86_64 0.1.0 4.00 39.00 43.00 NOTE

Check Details

Version: 0.1.0
Check: LazyData
Result: NOTE 'LazyData' is specified without a 'data' directory Flavors: r-devel-linux-x86_64-debian-clang, r-devel-linux-x86_64-debian-gcc, r-devel-linux-x86_64-fedora-clang, r-devel-linux-x86_64-fedora-gcc, r-devel-windows-x86_64, r-patched-linux-x86_64, r-release-linux-x86_64, r-release-macos-arm64, r-release-windows-x86_64, r-oldrel-macos-arm64, r-oldrel-macos-x86_64, r-oldrel-windows-x86_64

Version: 0.1.0
Check: dependencies in R code
Result: NOTE Namespaces in Imports field not imported from: ‘caret’ ‘datasets’ ‘dplyr’ ‘e1071’ ‘rhandsontable’ ‘shiny’ All declared Imports should be used. Flavors: r-devel-linux-x86_64-fedora-clang, r-devel-linux-x86_64-fedora-gcc