CRAN Package Check Results for Package NBShiny

Last updated on 2020-05-29 07:54:02 CEST.

Flavor Version Tinstall Tcheck Ttotal Status Flags
r-devel-linux-x86_64-debian-clang 0.1.0 2.11 17.80 19.91 OK
r-devel-linux-x86_64-debian-gcc 0.1.0 1.68 14.21 15.89 OK
r-devel-linux-x86_64-fedora-clang 0.1.0 25.79 NOTE
r-devel-linux-x86_64-fedora-gcc 0.1.0 23.87 NOTE
r-devel-windows-ix86+x86_64 0.1.0 11.00 48.00 59.00 OK
r-patched-linux-x86_64 0.1.0 2.04 17.81 19.85 OK
r-patched-solaris-x86 0.1.0 38.40 NOTE
r-release-linux-x86_64 0.1.0 1.83 17.91 19.74 OK
r-release-osx-x86_64 0.1.0 NOTE
r-release-windows-ix86+x86_64 0.1.0 10.00 81.00 91.00 OK
r-oldrel-osx-x86_64 0.1.0 NOTE
r-oldrel-windows-ix86+x86_64 0.1.0 5.00 31.00 36.00 OK

Check Details

Version: 0.1.0
Check: dependencies in R code
Result: NOTE
    Namespaces in Imports field not imported from:
     ‘caret’ ‘datasets’ ‘dplyr’ ‘e1071’ ‘rhandsontable’ ‘shiny’
     All declared Imports should be used.
Flavors: r-devel-linux-x86_64-fedora-clang, r-devel-linux-x86_64-fedora-gcc, r-patched-solaris-x86, r-release-osx-x86_64, r-oldrel-osx-x86_64