CRAN Package Check Results for Package NADA2

Last updated on 2022-10-02 06:52:15 CEST.

Flavor Version Tinstall Tcheck Ttotal Status Flags
r-devel-linux-x86_64-debian-clang 1.1.0 21.15 606.98 628.13 OK
r-devel-linux-x86_64-debian-gcc 1.1.0 15.93 444.52 460.45 OK
r-devel-linux-x86_64-fedora-clang 1.1.0 740.00 NOTE
r-devel-linux-x86_64-fedora-gcc 1.1.0 727.49 NOTE
r-devel-windows-x86_64 1.1.0 39.00 647.00 686.00 OK
r-patched-linux-x86_64 1.1.0 19.55 573.46 593.01 OK
r-release-linux-x86_64 1.1.0 15.57 568.70 584.27 OK
r-release-macos-arm64 1.1.0 166.00 NOTE
r-release-macos-x86_64 1.1.0 275.00 NOTE
r-release-windows-x86_64 1.1.0 37.00 645.00 682.00 OK
r-oldrel-macos-arm64 1.1.0 165.00 NOTE
r-oldrel-macos-x86_64 1.1.0 271.00 NOTE
r-oldrel-windows-ix86+x86_64 1.1.0 46.00 664.00 710.00 OK

Check Details

Version: 1.1.0
Check: dependencies in R code
Result: NOTE
    Namespaces in Imports field not imported from:
     ‘Kendall’ ‘perm’
     All declared Imports should be used.
Flavors: r-devel-linux-x86_64-fedora-clang, r-devel-linux-x86_64-fedora-gcc, r-release-macos-arm64, r-release-macos-x86_64, r-oldrel-macos-arm64, r-oldrel-macos-x86_64

Version: 1.1.0
Check: data for non-ASCII characters
Result: NOTE
     Note: found 63 marked UTF-8 strings
Flavors: r-devel-linux-x86_64-fedora-clang, r-devel-linux-x86_64-fedora-gcc, r-release-macos-arm64, r-release-macos-x86_64, r-oldrel-macos-arm64, r-oldrel-macos-x86_64