CRAN Package Check Results for Package MultiKink

Last updated on 2020-10-28 01:49:39 CET.

Flavor Version Tinstall Tcheck Ttotal Status Flags
r-devel-linux-x86_64-debian-clang 0.1.0 9.07 93.26 102.33 OK
r-devel-linux-x86_64-debian-gcc 0.1.0 7.29 71.17 78.46 OK
r-devel-linux-x86_64-fedora-clang 0.1.0 139.62 NOTE
r-devel-linux-x86_64-fedora-gcc 0.1.0 125.09 NOTE
r-devel-windows-ix86+x86_64 0.1.0 20.00 115.00 135.00 OK
r-patched-linux-x86_64 0.1.0 OK
r-patched-solaris-x86 0.1.0 185.80 NOTE
r-release-linux-x86_64 0.1.0 9.00 88.15 97.15 OK
r-release-macos-x86_64 0.1.0 NOTE
r-release-windows-ix86+x86_64 0.1.0 14.00 87.00 101.00 OK
r-oldrel-macos-x86_64 0.1.0 NOTE
r-oldrel-windows-ix86+x86_64 0.1.0 16.00 104.00 120.00 OK

Check Details

Version: 0.1.0
Check: dependencies in R code
Result: NOTE
    Namespace in Imports field not imported from: ‘MASS’
     All declared Imports should be used.
Flavors: r-devel-linux-x86_64-fedora-clang, r-devel-linux-x86_64-fedora-gcc, r-patched-solaris-x86, r-release-macos-x86_64, r-oldrel-macos-x86_64