Last updated on 2022-08-17 06:51:21 CEST.
Flavor | Version | Tinstall | Tcheck | Ttotal | Status | Flags |
---|---|---|---|---|---|---|
r-devel-linux-x86_64-debian-clang | 0.1.2 | 150.22 | 84.53 | 234.75 | OK | |
r-devel-linux-x86_64-debian-gcc | 0.1.2 | OK | ||||
r-devel-linux-x86_64-fedora-clang | 0.1.2 | 325.24 | OK | |||
r-devel-linux-x86_64-fedora-gcc | 0.1.2 | 313.58 | OK | |||
r-devel-windows-x86_64 | 0.1.2 | 119.00 | 127.00 | 246.00 | OK | |
r-patched-linux-x86_64 | 0.1.2 | 129.73 | 80.27 | 210.00 | OK | |
r-release-linux-x86_64 | 0.1.2 | 117.53 | 80.56 | 198.09 | OK | |
r-release-macos-arm64 | 0.1.2 | 78.00 | NOTE | |||
r-release-macos-x86_64 | 0.1.2 | 94.00 | NOTE | |||
r-release-windows-x86_64 | 0.1.2 | 113.00 | 130.00 | 243.00 | OK | |
r-oldrel-macos-arm64 | 0.1.2 | 258.00 | NOTE | |||
r-oldrel-macos-x86_64 | 0.1.2 | 112.00 | NOTE | |||
r-oldrel-windows-ix86+x86_64 | 0.1.2 | 346.00 | 149.00 | 495.00 | NOTE |
Version: 0.1.2
Check: installed package size
Result: NOTE
installed size is 8.5Mb
sub-directories of 1Mb or more:
doc 1.9Mb
libs 6.4Mb
Flavors: r-release-macos-arm64, r-release-macos-x86_64, r-oldrel-macos-arm64, r-oldrel-macos-x86_64, r-oldrel-windows-ix86+x86_64