CRAN Package Check Results for Package MortalitySmooth

Last updated on 2020-12-04 19:48:35 CET.

Flavor Version Tinstall Tcheck Ttotal Status Flags
r-devel-linux-x86_64-debian-clang 2.3.4 12.08 104.49 116.57 NOTE
r-devel-linux-x86_64-debian-gcc 2.3.4 9.49 82.79 92.28 NOTE
r-devel-linux-x86_64-fedora-clang 2.3.4 147.41 NOTE
r-devel-linux-x86_64-fedora-gcc 2.3.4 141.08 NOTE
r-devel-windows-ix86+x86_64 2.3.4 21.00 132.00 153.00 NOTE
r-patched-linux-x86_64 2.3.4 10.68 99.22 109.90 NOTE
r-patched-solaris-x86 2.3.4 200.80 NOTE
r-release-linux-x86_64 2.3.4 10.95 99.14 110.09 NOTE
r-release-macos-x86_64 2.3.4 NOTE
r-release-windows-ix86+x86_64 2.3.4 16.00 138.00 154.00 NOTE
r-oldrel-macos-x86_64 2.3.4 NOTE
r-oldrel-windows-ix86+x86_64 2.3.4 18.00 105.00 123.00 NOTE

Check Details

Version: 2.3.4
Check: R code for possible problems
Result: NOTE
    Mort1Dsmooth: no visible global function definition for 'time'
    Mort1Dsmooth: no visible global function definition for 'glm'
    Mort1Dsmooth: no visible binding for global variable 'poisson'
    Mort1Dsmooth_optimize: no visible global function definition for
     'median'
    Mort2Dsmooth: no visible global function definition for 'glm'
    Mort2Dsmooth: no visible binding for global variable 'poisson'
    Mort2Dsmooth: no visible global function definition for 'median'
    Mort2Dsmooth_optimize: no visible global function definition for
     'median'
    plot.Mort1Dsmooth: no visible global function definition for 'matplot'
    plot.Mort2Dsmooth: no visible global function definition for 'quantile'
    predict.Mort1Dsmooth: no visible global function definition for 'glm'
    predict.Mort1Dsmooth: no visible binding for global variable 'poisson'
    predict.Mort2Dsmooth: no visible global function definition for 'glm'
    predict.Mort2Dsmooth: no visible binding for global variable 'poisson'
    print.summary.Mort1Dsmooth: no visible global function definition for
     'quantile'
    print.summary.Mort2Dsmooth: no visible global function definition for
     'quantile'
    Undefined global functions or variables:
     glm matplot median poisson quantile time
    Consider adding
     importFrom("graphics", "matplot")
     importFrom("stats", "glm", "median", "poisson", "quantile", "time")
    to your NAMESPACE file.
Flavors: r-devel-linux-x86_64-debian-clang, r-devel-linux-x86_64-debian-gcc, r-devel-linux-x86_64-fedora-clang, r-devel-linux-x86_64-fedora-gcc, r-devel-windows-ix86+x86_64, r-patched-linux-x86_64, r-patched-solaris-x86, r-release-linux-x86_64, r-release-macos-x86_64, r-release-windows-ix86+x86_64

Version: 2.3.4
Check: R code for possible problems
Result: NOTE
    Mort1Dsmooth: no visible global function definition for ‘time’
    Mort1Dsmooth: no visible global function definition for ‘glm’
    Mort1Dsmooth: no visible binding for global variable ‘poisson’
    Mort1Dsmooth_optimize: no visible global function definition for
     ‘median’
    Mort2Dsmooth: no visible global function definition for ‘glm’
    Mort2Dsmooth: no visible binding for global variable ‘poisson’
    Mort2Dsmooth: no visible global function definition for ‘median’
    Mort2Dsmooth_optimize: no visible global function definition for
     ‘median’
    plot.HMDdata: no visible global function definition for ‘plot’
    plot.Mort1Dsmooth: no visible global function definition for ‘matplot’
    plot.Mort2Dsmooth: no visible global function definition for ‘quantile’
    predict.Mort1Dsmooth: no visible global function definition for ‘glm’
    predict.Mort1Dsmooth: no visible binding for global variable ‘poisson’
    predict.Mort2Dsmooth: no visible global function definition for ‘glm’
    predict.Mort2Dsmooth: no visible binding for global variable ‘poisson’
    print.summary.Mort1Dsmooth: no visible global function definition for
     ‘quantile’
    print.summary.Mort2Dsmooth: no visible global function definition for
     ‘quantile’
    Undefined global functions or variables:
     glm matplot median plot poisson quantile time
    Consider adding
     importFrom("graphics", "matplot", "plot")
     importFrom("stats", "glm", "median", "poisson", "quantile", "time")
    to your NAMESPACE file.
Flavors: r-oldrel-macos-x86_64, r-oldrel-windows-ix86+x86_64