CRAN Package Check Results for Package MoBPS

Last updated on 2022-08-11 06:51:49 CEST.

Flavor Version Tinstall Tcheck Ttotal Status Flags
r-devel-linux-x86_64-debian-clang 1.6.64 57.92 169.50 227.42 NOTE
r-devel-linux-x86_64-debian-gcc 1.6.64 46.64 122.07 168.71 NOTE
r-devel-linux-x86_64-fedora-clang 1.6.64 285.67 NOTE
r-devel-linux-x86_64-fedora-gcc 1.6.64 282.58 NOTE
r-devel-windows-x86_64 1.6.64 81.00 178.00 259.00 NOTE
r-patched-linux-x86_64 1.6.64 51.74 157.38 209.12 NOTE
r-release-linux-x86_64 1.6.64 NOTE
r-release-macos-arm64 1.6.64 60.00 NOTE
r-release-macos-x86_64 1.6.64 86.00 NOTE
r-release-windows-x86_64 1.6.64 97.00 175.00 272.00 NOTE
r-oldrel-macos-arm64 1.6.64 74.00 NOTE
r-oldrel-macos-x86_64 1.6.64 95.00 NOTE
r-oldrel-windows-ix86+x86_64 1.6.64 86.00 172.00 258.00 NOTE

Check Details

Version: 1.6.64
Check: package dependencies
Result: NOTE
    Package suggested but not available for checking: 'alstructure'
    
    Packages which this enhances but not available for checking:
     'miraculix', 'MoBPSmaps'
Flavors: r-devel-linux-x86_64-debian-clang, r-devel-linux-x86_64-debian-gcc, r-devel-linux-x86_64-fedora-clang, r-devel-linux-x86_64-fedora-gcc, r-devel-windows-x86_64, r-patched-linux-x86_64, r-release-linux-x86_64, r-release-windows-x86_64

Version: 1.6.64
Check: package dependencies
Result: NOTE
    Packages suggested but not available for checking:
     'doMPI', 'biomaRt', 'alstructure'
    
    Package which this enhances but not available for checking: ‘MoBPSmaps’
Flavor: r-release-macos-arm64

Version: 1.6.64
Check: package dependencies
Result: NOTE
    Packages suggested but not available for checking: 'doMPI', 'alstructure'
    
    Packages which this enhances but not available for checking:
     'miraculix', 'MoBPSmaps'
Flavor: r-release-macos-x86_64

Version: 1.6.64
Check: package dependencies
Result: NOTE
    Packages suggested but not available for checking: 'doMPI', 'alstructure'
    
    Package which this enhances but not available for checking: ‘MoBPSmaps’
Flavors: r-oldrel-macos-arm64, r-oldrel-macos-x86_64

Version: 1.6.64
Check: package dependencies
Result: NOTE
    Package suggested but not available for checking: 'alstructure'
    
    Package which this enhances but not available for checking: 'MoBPSmaps'
Flavor: r-oldrel-windows-ix86+x86_64