CRAN Package Check Results for Package MixSIAR

Last updated on 2022-09-30 00:49:20 CEST.

Flavor Version Tinstall Tcheck Ttotal Status Flags
r-devel-linux-x86_64-debian-clang 3.1.12 7.02 85.89 92.91 NOTE
r-devel-linux-x86_64-debian-gcc 3.1.12 6.32 64.10 70.42 NOTE
r-devel-linux-x86_64-fedora-clang 3.1.12 130.75 NOTE
r-devel-linux-x86_64-fedora-gcc 3.1.12 129.80 NOTE
r-devel-windows-x86_64 3.1.12 45.00 149.00 194.00 NOTE
r-patched-linux-x86_64 3.1.12 6.01 80.45 86.46 NOTE
r-release-linux-x86_64 3.1.12 4.94 79.74 84.68 NOTE
r-release-macos-arm64 3.1.12 51.00 NOTE
r-release-macos-x86_64 3.1.12 64.00 NOTE
r-release-windows-x86_64 3.1.12 63.00 136.00 199.00 NOTE
r-oldrel-macos-arm64 3.1.12 46.00 NOTE
r-oldrel-macos-x86_64 3.1.12 111.00 NOTE
r-oldrel-windows-ix86+x86_64 3.1.12 16.00 116.00 132.00 NOTE

Check Details

Version: 3.1.12
Check: LazyData
Result: NOTE
     'LazyData' is specified without a 'data' directory
Flavors: r-devel-linux-x86_64-debian-clang, r-devel-linux-x86_64-debian-gcc, r-devel-linux-x86_64-fedora-clang, r-devel-linux-x86_64-fedora-gcc, r-devel-windows-x86_64, r-patched-linux-x86_64, r-release-linux-x86_64, r-release-macos-arm64, r-release-macos-x86_64, r-release-windows-x86_64, r-oldrel-macos-arm64, r-oldrel-macos-x86_64, r-oldrel-windows-ix86+x86_64