CRAN Package Check Results for Package MixAll

Last updated on 2020-05-30 13:51:30 CEST.

Flavor Version Tinstall Tcheck Ttotal Status Flags
r-devel-linux-x86_64-debian-clang 1.5.1 708.00 98.13 806.13 OK
r-devel-linux-x86_64-debian-gcc 1.5.1 562.00 74.10 636.10 OK
r-devel-linux-x86_64-fedora-clang 1.5.1 1145.61 NOTE
r-devel-linux-x86_64-fedora-gcc 1.5.1 1124.85 OK
r-devel-windows-ix86+x86_64 1.5.1 1743.00 259.00 2002.00 NOTE
r-patched-linux-x86_64 1.5.1 577.11 96.46 673.57 OK
r-patched-solaris-x86 1.5.1 918.40 OK
r-release-linux-x86_64 1.5.1 577.03 96.88 673.91 OK
r-release-osx-x86_64 1.5.1 NOTE
r-release-windows-ix86+x86_64 1.5.1 1339.00 238.00 1577.00 NOTE
r-oldrel-osx-x86_64 1.5.1 NOTE
r-oldrel-windows-ix86+x86_64 1.5.1 1751.00 207.00 1958.00 NOTE

Check Details

Version: 1.5.1
Check: installed package size
Result: NOTE
     installed size is 44.8Mb
     sub-directories of 1Mb or more:
     libs 42.5Mb
Flavors: r-devel-linux-x86_64-fedora-clang, r-devel-windows-ix86+x86_64, r-release-osx-x86_64, r-release-windows-ix86+x86_64, r-oldrel-osx-x86_64, r-oldrel-windows-ix86+x86_64