CRAN Package Check Results for Package MinBAR

Last updated on 2022-09-27 00:51:07 CEST.

Flavor Version Tinstall Tcheck Ttotal Status Flags
r-devel-linux-x86_64-debian-clang 1.1.3 30.73 283.66 314.39 OK
r-devel-linux-x86_64-debian-gcc 1.1.3 25.34 208.35 233.69 OK
r-devel-linux-x86_64-fedora-clang 1.1.3 387.78 NOTE
r-devel-linux-x86_64-fedora-gcc 1.1.3 400.80 NOTE
r-devel-windows-x86_64 1.1.3 33.00 277.00 310.00 OK
r-patched-linux-x86_64 1.1.3 25.62 272.47 298.09 OK
r-release-linux-x86_64 1.1.3 28.05 271.20 299.25 OK
r-release-macos-arm64 1.1.3 78.00 NOTE
r-release-macos-x86_64 1.1.3 137.00 NOTE
r-release-windows-x86_64 1.1.3 33.00 276.00 309.00 OK
r-oldrel-macos-arm64 1.1.3 81.00 NOTE
r-oldrel-macos-x86_64 1.1.3 106.00 NOTE
r-oldrel-windows-ix86+x86_64 1.1.3 67.00 283.00 350.00 OK

Check Details

Version: 1.1.3
Check: dependencies in R code
Result: NOTE
    Namespace in Imports field not imported from: ‘rgdal’
     All declared Imports should be used.
Flavors: r-devel-linux-x86_64-fedora-clang, r-devel-linux-x86_64-fedora-gcc, r-release-macos-arm64, r-release-macos-x86_64, r-oldrel-macos-arm64, r-oldrel-macos-x86_64