CRAN Package Check Results for Package MiSPU

Last updated on 2024-06-15 12:48:28 CEST.

Flavor Version Tinstall Tcheck Ttotal Status Flags
r-devel-linux-x86_64-debian-clang 1.0 42.18 108.13 150.31 OK
r-devel-linux-x86_64-debian-gcc 1.0 33.48 77.23 110.71 OK
r-devel-linux-x86_64-fedora-clang 1.0 195.89 NOTE
r-devel-linux-x86_64-fedora-gcc 1.0 188.23 NOTE
r-devel-windows-x86_64 1.0 35.00 117.00 152.00 OK
r-patched-linux-x86_64 1.0 39.28 99.44 138.72 OK
r-release-linux-x86_64 1.0 41.86 101.85 143.71 OK
r-release-macos-arm64 1.0 50.00 OK
r-release-macos-x86_64 1.0 71.00 OK
r-release-windows-x86_64 1.0 37.00 118.00 155.00 OK
r-oldrel-macos-arm64 1.0 65.00 OK
r-oldrel-macos-x86_64 1.0 115.00 OK
r-oldrel-windows-x86_64 1.0 47.00 135.00 182.00 OK

Check Details

Version: 1.0
Check: compiled code
Result: NOTE File ‘MiSPU/libs/MiSPU.so’: Found no calls to: ‘R_registerRoutines’, ‘R_useDynamicSymbols’ It is good practice to register native routines and to disable symbol search. See ‘Writing portable packages’ in the ‘Writing R Extensions’ manual. Flavors: r-devel-linux-x86_64-fedora-clang, r-devel-linux-x86_64-fedora-gcc